{"id":8244,"date":"2022-06-23T16:21:40","date_gmt":"2022-06-23T14:21:40","guid":{"rendered":"http:\/\/10.91.91.143\/wordpress\/?page_id=8244"},"modified":"2022-11-08T10:42:46","modified_gmt":"2022-11-08T09:42:46","slug":"arome-temperatura-punktu-rosy","status":"publish","type":"page","link":"https:\/\/cmm.imgw.pl\/?page_id=8244","title":{"rendered":"AROME &#8211; TEMPERATURA PUNKTU ROSY"},"content":{"rendered":"\t\t<div data-elementor-type=\"wp-page\" data-elementor-id=\"8244\" class=\"elementor elementor-8244\">\n\t\t\t\t\t\t\t\t\t<section class=\"elementor-section elementor-top-section elementor-element elementor-element-0c5a5e4 elementor-section-boxed elementor-section-height-default elementor-section-height-default\" data-id=\"0c5a5e4\" data-element_type=\"section\">\n\t\t\t\t\t\t<div class=\"elementor-container elementor-column-gap-default\">\n\t\t\t\t\t<div class=\"elementor-column elementor-col-100 elementor-top-column elementor-element elementor-element-1dfeaa3\" data-id=\"1dfeaa3\" data-element_type=\"column\">\n\t\t\t<div class=\"elementor-widget-wrap elementor-element-populated\">\n\t\t\t\t\t\t\t\t<div class=\"elementor-element elementor-element-195b20e elementor-widget-divider--view-line elementor-widget elementor-widget-divider\" data-id=\"195b20e\" data-element_type=\"widget\" data-widget_type=\"divider.default\">\n\t\t\t\t<div class=\"elementor-widget-container\">\n\t\t\t<style>\/*! elementor - v3.12.1 - 02-04-2023 *\/\n.elementor-widget-divider{--divider-border-style:none;--divider-border-width:1px;--divider-color:#0c0d0e;--divider-icon-size:20px;--divider-element-spacing:10px;--divider-pattern-height:24px;--divider-pattern-size:20px;--divider-pattern-url:none;--divider-pattern-repeat:repeat-x}.elementor-widget-divider .elementor-divider{display:flex}.elementor-widget-divider .elementor-divider__text{font-size:15px;line-height:1;max-width:95%}.elementor-widget-divider .elementor-divider__element{margin:0 var(--divider-element-spacing);flex-shrink:0}.elementor-widget-divider .elementor-icon{font-size:var(--divider-icon-size)}.elementor-widget-divider .elementor-divider-separator{display:flex;margin:0;direction:ltr}.elementor-widget-divider--view-line_icon .elementor-divider-separator,.elementor-widget-divider--view-line_text .elementor-divider-separator{align-items:center}.elementor-widget-divider--view-line_icon .elementor-divider-separator:after,.elementor-widget-divider--view-line_icon .elementor-divider-separator:before,.elementor-widget-divider--view-line_text .elementor-divider-separator:after,.elementor-widget-divider--view-line_text .elementor-divider-separator:before{display:block;content:\"\";border-bottom:0;flex-grow:1;border-top:var(--divider-border-width) var(--divider-border-style) var(--divider-color)}.elementor-widget-divider--element-align-left .elementor-divider .elementor-divider-separator>.elementor-divider__svg:first-of-type{flex-grow:0;flex-shrink:100}.elementor-widget-divider--element-align-left .elementor-divider-separator:before{content:none}.elementor-widget-divider--element-align-left .elementor-divider__element{margin-left:0}.elementor-widget-divider--element-align-right .elementor-divider .elementor-divider-separator>.elementor-divider__svg:last-of-type{flex-grow:0;flex-shrink:100}.elementor-widget-divider--element-align-right .elementor-divider-separator:after{content:none}.elementor-widget-divider--element-align-right .elementor-divider__element{margin-right:0}.elementor-widget-divider:not(.elementor-widget-divider--view-line_text):not(.elementor-widget-divider--view-line_icon) .elementor-divider-separator{border-top:var(--divider-border-width) var(--divider-border-style) var(--divider-color)}.elementor-widget-divider--separator-type-pattern{--divider-border-style:none}.elementor-widget-divider--separator-type-pattern.elementor-widget-divider--view-line .elementor-divider-separator,.elementor-widget-divider--separator-type-pattern:not(.elementor-widget-divider--view-line) .elementor-divider-separator:after,.elementor-widget-divider--separator-type-pattern:not(.elementor-widget-divider--view-line) .elementor-divider-separator:before,.elementor-widget-divider--separator-type-pattern:not([class*=elementor-widget-divider--view]) .elementor-divider-separator{width:100%;min-height:var(--divider-pattern-height);-webkit-mask-size:var(--divider-pattern-size) 100%;mask-size:var(--divider-pattern-size) 100%;-webkit-mask-repeat:var(--divider-pattern-repeat);mask-repeat:var(--divider-pattern-repeat);background-color:var(--divider-color);-webkit-mask-image:var(--divider-pattern-url);mask-image:var(--divider-pattern-url)}.elementor-widget-divider--no-spacing{--divider-pattern-size:auto}.elementor-widget-divider--bg-round{--divider-pattern-repeat:round}.rtl .elementor-widget-divider .elementor-divider__text{direction:rtl}.e-con-inner>.elementor-widget-divider,.e-con>.elementor-widget-divider{width:var(--container-widget-width,100%);--flex-grow:var(--container-widget-flex-grow)}<\/style>\t\t<div class=\"elementor-divider\">\n\t\t\t<span class=\"elementor-divider-separator\">\n\t\t\t\t\t\t<\/span>\n\t\t<\/div>\n\t\t\t\t<\/div>\n\t\t\t\t<\/div>\n\t\t\t\t\t<\/div>\n\t\t<\/div>\n\t\t\t\t\t\t\t<\/div>\n\t\t<\/section>\n\t\t\t\t<section class=\"elementor-section elementor-top-section elementor-element elementor-element-ccc9a1f elementor-section-boxed elementor-section-height-default elementor-section-height-default\" data-id=\"ccc9a1f\" data-element_type=\"section\">\n\t\t\t\t\t\t<div class=\"elementor-container elementor-column-gap-default\">\n\t\t\t\t\t<div class=\"elementor-column elementor-col-100 elementor-top-column elementor-element elementor-element-e80aa19\" data-id=\"e80aa19\" data-element_type=\"column\">\n\t\t\t<div class=\"elementor-widget-wrap elementor-element-populated\">\n\t\t\t\t\t\t\t\t<div class=\"elementor-element elementor-element-06bb0db elementor-widget elementor-widget-sidebar\" data-id=\"06bb0db\" data-element_type=\"widget\" data-widget_type=\"sidebar.default\">\n\t\t\t\t<div class=\"elementor-widget-container\">\n\t\t\t<div class=\"widget widget_block\"><div class=\"widget-content\">\n<div class=\"wp-block-group has-white-background-color has-background FixedWidget__fixed_widget is-content-justification-center is-nowrap is-layout-flex wp-container-2 wp-block-group-is-layout-flex\">\n<div class=\"wp-block-group FixedWidget__fixed_widget is-content-justification-center is-layout-flex wp-container-1 wp-block-group-is-layout-flex\">\n<p style=\"text-align:center;\">\n<a href=\"\/cmm\/?page_id=8232\"><img loading=\"lazy\" title=\"Temperatura powietrza\" src=\"\/cmm\/wp-content\/uploads\/IKONY\/temp.png\" width=\"60\" height=\"60\"><\/a>\n<a href=\"\/cmm\/?page_id=8257\"><img loading=\"lazy\" title=\"Temperatura powierzchni\" src=\"\/cmm\/wp-content\/uploads\/IKONY\/temp_powierzchni.png\" width=\"60\" height=\"60\"><\/a>\n<a href=\"\/cmm\/?page_id=8244\"><img loading=\"lazy\" title=\"Temperatura punktu rosy\" src=\"\/cmm\/wp-content\/uploads\/IKONY\/temp_punktu_rosy.png\" width=\"60\" height=\"60\"><\/a>\n<a href=\"\/cmm\/?page_id=8272\"><img loading=\"lazy\" title=\"Opad deszczu\" src=\"\/cmm\/wp-content\/uploads\/IKONY\/opad_deszczu.png\" width=\"60\" height=\"60\"><\/a>\n<a href=\"\/cmm\/?page_id=8277\"><img loading=\"lazy\" title=\"Opad \u015bniegu\" src=\"\/cmm\/wp-content\/uploads\/IKONY\/opad_sniegu.png\" width=\"60\" height=\"60\"><\/a>\n<a href=\"\/cmm\/?page_id=8282\"><img loading=\"lazy\" title=\"Opad ca\u0142kowity\" src=\"\/cmm\/wp-content\/uploads\/IKONY\/opad_calkowity.png\" width=\"60\" height=\"60\"><\/a>\n<a href=\"\/cmm\/?page_id=8303\"><img loading=\"lazy\" title=\"Zachmurzenie\" src=\"\/cmm\/wp-content\/uploads\/IKONY\/zachmurzenie.png\" width=\"60\" height=\"60\"><\/a>\n<a href=\"\/cmm\/?page_id=8267\"><img loading=\"lazy\" title=\"Wiatr\" src=\"\/cmm\/wp-content\/uploads\/IKONY\/wiatr.png\" width=\"60\" height=\"60\"><\/a>\n<a href=\"\/cmm\/?page_id=8262\"><img loading=\"lazy\" title=\"Porywy wiatru\" src=\"\/cmm\/wp-content\/uploads\/IKONY\/porywy.png\" width=\"60\" height=\"60\"><\/a>\n<a href=\"\/cmm\/?page_id=8298\"><img loading=\"lazy\" title=\"Ci\u015bnienie atmosferyczne\" src=\"\/cmm\/wp-content\/uploads\/IKONY\/cisnienie.png\" width=\"60\" height=\"60\"><\/a>\n<a href=\"\/cmm\/?page_id=8290\"><img loading=\"lazy\" title=\"Wilgotno\u015b\u0107\" src=\"\/cmm\/wp-content\/uploads\/IKONY\/wilgotnosc.png\" width=\"60\" height=\"60\"><\/a>\n<a href=\"\/cmm\/?page_id=8308\"><img loading=\"lazy\" title=\"TEMPERATURA POWIETRZA (WADA WZROKU)\" src=\"\/cmm\/wp-content\/uploads\/IKONY\/temp_sw.png\" width=\"60\" height=\"60\"><\/a>\n<a href=\"\/cmm\/?page_id=8313\"><img loading=\"lazy\" title=\"WILGOTNO\u015a\u0106 (WADA WZROKU)\" src=\"\/cmm\/wp-content\/uploads\/IKONY\/rhum2m_sw.png\" width=\"60\" height=\"60\"><\/a><\/p>\n\n<\/div>\n<\/div>\n<\/div><\/div>\t\t<\/div>\n\t\t\t\t<\/div>\n\t\t\t\t\t<\/div>\n\t\t<\/div>\n\t\t\t\t\t\t\t<\/div>\n\t\t<\/section>\n\t\t\t\t<section class=\"elementor-section elementor-top-section elementor-element elementor-element-e3dc5e3 elementor-section-boxed elementor-section-height-default elementor-section-height-default\" data-id=\"e3dc5e3\" data-element_type=\"section\">\n\t\t\t\t\t\t<div class=\"elementor-container elementor-column-gap-no\">\n\t\t\t\t\t<div class=\"elementor-column elementor-col-100 elementor-top-column elementor-element elementor-element-aca25a5\" data-id=\"aca25a5\" data-element_type=\"column\">\n\t\t\t<div class=\"elementor-widget-wrap elementor-element-populated\">\n\t\t\t\t\t\t\t\t<section class=\"elementor-section elementor-inner-section elementor-element elementor-element-4068928 elementor-section-boxed elementor-section-height-default elementor-section-height-default\" data-id=\"4068928\" data-element_type=\"section\">\n\t\t\t\t\t\t<div class=\"elementor-container elementor-column-gap-default\">\n\t\t\t\t\t<div class=\"elementor-column elementor-col-100 elementor-inner-column elementor-element elementor-element-0b54f6d\" data-id=\"0b54f6d\" data-element_type=\"column\">\n\t\t\t<div class=\"elementor-widget-wrap elementor-element-populated\">\n\t\t\t\t\t\t\t\t<div class=\"elementor-element elementor-element-cbec49e elementor-widget elementor-widget-html\" data-id=\"cbec49e\" data-element_type=\"widget\" data-widget_type=\"html.default\">\n\t\t\t\t<div class=\"elementor-widget-container\">\n\t\t\t<html>\n<head>\n    <meta name=\"viewport\" content=\"width=device-width, initial-scale=1\">\n<\/head>\n\n<body>\n<style>\n    .topnavDay {\n  text-align: center;\n  overflow: hidden;\n  font-size: calc(1rem + 1vw);\n  text-decoration: none;\n}\n\n}\n<\/style>\n<div class=\"topnavDay\">\n<a href=\"#today\"> DZI\u015a | <\/a> \n<a href=\"#tomorrow\"> JUTRO <\/a> \n<\/div>\n\n<p><\/p>\n<p><\/p>\n\n<div id=\"today\"><\/div> \n\n<script type = \"text\/javascript\">\n\/\/data aktualna\nvar d = new Date();\nvar curr_date = d.getDate(); \/\/day\nvar curr_month = d.getMonth()+1; \/\/month\nvar curr_year = d.getFullYear(); \/\/year\nvar curr_hour = d.getUTCHours();\n\nif (curr_date < 10)\n    curr_date = '0' + curr_date;\nif (curr_month < 10) \/\/add 9 in month 1-9\n    curr_month = '0' + curr_month;\n \nvar modelPathPart = \"AROME_POLSKA_tempd_ALARO_\";\nvar m_string = \"\"; \nvar m = curr_hour;    \nvar n_string = \"\"; \nvar n = curr_hour;\nvar o_string = \"\"; \nvar lastProdTime = \"\";\nnext_date = curr_date+1;\nnext_date_after = curr_date+2;\nnext_date_after_day = curr_date+3;\nconst today = new Date();\n\nconst d1 = new Date(today);\nd1Day = d1.getUTCDate(d1.setDate(d1.getDate() + 1));\nd1.setMonth(d1.getMonth() + 1); \/\/month +1 becouse JS strarts from 0 count\nd1Month = d1.getMonth();\nd1Year = d1.getFullYear();\nif (d1Day < 10)\n    d1Day = '0' + d1Day;\nif (d1Month < 10) \/\/add 0 in month 1-9\n    d1Month = '0' + d1Month;\n\n\n\tif (n >= 0 && n < 3){   \n\t\tn_string = 3;\t\n\t} if (n >= 3 && n < 6){   \n\t\tn_string = 6;\t\n\t} if (n >= 6 && n < 9){   \n\t\tn_string = 9;\t\n\t} if (n >= 9 && n < 12){   \n\t\tn_string = 12;\t\n\t} if (n >= 12 && n < 15){   \n\t\tn_string = 15;\t\n\t} if (n >= 15 && n < 18){   \n\t\tn_string = 18;\t\n\t} if (n >= 18 && n < 21){   \n\t\tn_string = 21;\t\n\t} if (n >= 21 && n < 24){   \n\t\tn_string = 21;\n\t}\n\t\n\/\/Change model start time, production correction\n\tif (m >= 2 && m < 7){   \n\t\tm_string = \"00\";\t\n\t\tlastProdTime = 18;\n\t} if (m >= 7 && m < 14){   \n\t\tm_string = \"00\";\n\t\tlastProdTime = 0;\n\t} if (m >= 14 && m < 19){   \n\t\tm_string = \"06\";\n\t\tlastProdTime = 6;\n\t} if (m >= 19 && m < 24){   \n\t\tm_string = \"12\";\n\t\tlastProdTime = 12;\n\t} if (m >= 0 && m < 2){   \n\t\tm_string = \"18\";\n\t\tlastProdTime = 12;\n\t}\n\tfor (o = n_string-3; o <23; o=o+3)\n\t{\n    if (o <10){   \n\t\to_string = \"0\"+o;\t\n\t}\n\telse{\n\t\to_string = o;\n\t}\ndocument.write(\"<tr>\")\ndocument.write(\"<td><img src=\\\"wp-content\/uploads\/production\/\"+m_string+\"\/\"+modelPathPart+m_string+\"z_\"+curr_year+\"-\"+curr_month+\"-\"+curr_date+\"_\"+o_string+\"_00_00.jpg\\\" alt=\\\" \\\"><\/td>\")\ndocument.write(\"<\/tr>\")\n    }\n<\/script>\n<\/table>\n    \n<div id=\"tomorrow\"><\/div>\n\n<script> \t\n\/\/ NEXT DAY\n\tfor (o = 0; o < lastProdTime+8; o=o+3)\n\t{\n    if (o <10){   \n\t\to_string = \"0\"+o;\t\n\t}\n\telse{\n\t\to_string = o;\t\n\t}\ndocument.write(\"<tr>\")\ndocument.write(\"<td><img src=\\\"wp-content\/uploads\/production\/\"+m_string+\"\/\"+modelPathPart+m_string+\"z_\"+curr_year+\"-\"+curr_month+\"-\"+d1Day+\"_\"+o_string+\"_00_00.jpg\\\" alt=\\\" \\\"><\/td>\")\ndocument.write(\"<\/tr>\")\n    }\n<\/script>\n<\/table>\n\n<script>\nfunction startModel(evt, start) {\n  var i, tabcontent, tablinks;\n  tabcontent = document.getElementsByClassName(\"tabcontent\");\n  for (i = 0; i < tabcontent.length; i++) {\n    tabcontent[i].style.display = \"none\";\n  }\n  tablinks = document.getElementsByClassName(\"tablinks\");\n  for (i = 0; i < tablinks.length; i++) {\n    tablinks[i].className = tablinks[i].className.replace(\" active\", \"\");\n  }\n  document.getElementById(start).style.display = \"block\";\n  evt.currentTarget.className += \" active\";\n}\n<\/script>\n<\/body>\n<\/html>\t\t<\/div>\n\t\t\t\t<\/div>\n\t\t\t\t<div class=\"elementor-element elementor-element-d7d8b01 elementor-widget-divider--view-line_text elementor-widget-divider--element-align-center elementor-widget elementor-widget-divider\" data-id=\"d7d8b01\" data-element_type=\"widget\" data-widget_type=\"divider.default\">\n\t\t\t\t<div class=\"elementor-widget-container\">\n\t\t\t\t\t<div class=\"elementor-divider\">\n\t\t\t<span class=\"elementor-divider-separator\">\n\t\t\t\t\t\t\t<h2 class=\"elementor-divider__text elementor-divider__element\">\n\t\t\t\tUDOST\u0118PNIJ STRON\u0118\t\t\t\t<\/h2>\n\t\t\t\t\t\t<\/span>\n\t\t<\/div>\n\t\t\t\t<\/div>\n\t\t\t\t<\/div>\n\t\t\t\t\t<\/div>\n\t\t<\/div>\n\t\t\t\t\t\t\t<\/div>\n\t\t<\/section>\n\t\t\t\t<section class=\"elementor-section elementor-inner-section elementor-element elementor-element-04074da elementor-section-boxed elementor-section-height-default elementor-section-height-default\" data-id=\"04074da\" data-element_type=\"section\">\n\t\t\t\t\t\t<div class=\"elementor-container elementor-column-gap-default\">\n\t\t\t\t\t<div class=\"elementor-column elementor-col-50 elementor-inner-column elementor-element elementor-element-6aa86dc\" data-id=\"6aa86dc\" data-element_type=\"column\">\n\t\t\t<div class=\"elementor-widget-wrap\">\n\t\t\t\t\t\t\t\t\t<\/div>\n\t\t<\/div>\n\t\t\t\t<div class=\"elementor-column elementor-col-50 elementor-inner-column elementor-element elementor-element-85df212\" data-id=\"85df212\" data-element_type=\"column\">\n\t\t\t<div class=\"elementor-widget-wrap\">\n\t\t\t\t\t\t\t\t\t<\/div>\n\t\t<\/div>\n\t\t\t\t\t\t\t<\/div>\n\t\t<\/section>\n\t\t\t\t\t<\/div>\n\t\t<\/div>\n\t\t\t\t\t\t\t<\/div>\n\t\t<\/section>\n\t\t\t\t\t\t\t<\/div>\n\t\t","protected":false},"excerpt":{"rendered":"<p>DZI\u015a | JUTRO UDOST\u0118PNIJ STRON\u0118<\/p>\n","protected":false},"author":1,"featured_media":0,"parent":0,"menu_order":0,"comment_status":"closed","ping_status":"closed","template":"elementor_header_footer","meta":{"ocean_post_layout":"","ocean_both_sidebars_style":"","ocean_both_sidebars_content_width":0,"ocean_both_sidebars_sidebars_width":0,"ocean_sidebar":"0","ocean_second_sidebar":"0","ocean_disable_margins":"enable","ocean_add_body_class":"","ocean_shortcode_before_top_bar":"","ocean_shortcode_after_top_bar":"","ocean_shortcode_before_header":"","ocean_shortcode_after_header":"","ocean_has_shortcode":"","ocean_shortcode_after_title":"","ocean_shortcode_before_footer_widgets":"","ocean_shortcode_after_footer_widgets":"","ocean_shortcode_before_footer_bottom":"","ocean_shortcode_after_footer_bottom":"","ocean_display_top_bar":"off","ocean_display_header":"off","ocean_header_style":"custom","ocean_center_header_left_menu":"0","ocean_custom_header_template":"2993","ocean_custom_logo":0,"ocean_custom_retina_logo":0,"ocean_custom_logo_max_width":0,"ocean_custom_logo_tablet_max_width":0,"ocean_custom_logo_mobile_max_width":0,"ocean_custom_logo_max_height":0,"ocean_custom_logo_tablet_max_height":0,"ocean_custom_logo_mobile_max_height":0,"ocean_header_custom_menu":"0","ocean_menu_typo_font_family":"0","ocean_menu_typo_font_subset":"","ocean_menu_typo_font_size":0,"ocean_menu_typo_font_size_tablet":0,"ocean_menu_typo_font_size_mobile":0,"ocean_menu_typo_font_size_unit":"px","ocean_menu_typo_font_weight":"","ocean_menu_typo_font_weight_tablet":"","ocean_menu_typo_font_weight_mobile":"","ocean_menu_typo_transform":"","ocean_menu_typo_transform_tablet":"","ocean_menu_typo_transform_mobile":"","ocean_menu_typo_line_height":0,"ocean_menu_typo_line_height_tablet":0,"ocean_menu_typo_line_height_mobile":0,"ocean_menu_typo_line_height_unit":"","ocean_menu_typo_spacing":0,"ocean_menu_typo_spacing_tablet":0,"ocean_menu_typo_spacing_mobile":0,"ocean_menu_typo_spacing_unit":"","ocean_menu_link_color":"","ocean_menu_link_color_hover":"","ocean_menu_link_color_active":"","ocean_menu_link_background":"","ocean_menu_link_hover_background":"","ocean_menu_link_active_background":"","ocean_menu_social_links_bg":"","ocean_menu_social_hover_links_bg":"","ocean_menu_social_links_color":"","ocean_menu_social_hover_links_color":"","ocean_disable_title":"default","ocean_disable_heading":"default","ocean_post_title":"","ocean_post_subheading":"","ocean_post_title_style":"","ocean_post_title_background_color":"","ocean_post_title_background":0,"ocean_post_title_bg_image_position":"","ocean_post_title_bg_image_attachment":"","ocean_post_title_bg_image_repeat":"","ocean_post_title_bg_image_size":"","ocean_post_title_height":0,"ocean_post_title_bg_overlay":0.5,"ocean_post_title_bg_overlay_color":"","ocean_disable_breadcrumbs":"default","ocean_breadcrumbs_color":"","ocean_breadcrumbs_separator_color":"","ocean_breadcrumbs_links_color":"","ocean_breadcrumbs_links_hover_color":"","ocean_display_footer_widgets":"default","ocean_display_footer_bottom":"default","ocean_custom_footer_template":"0"},"yoast_head":"<!-- This site is optimized with the Yoast SEO plugin v19.5.1 - https:\/\/yoast.com\/wordpress\/plugins\/seo\/ -->\n<title>AROME - TEMPERATURA PUNKTU ROSY - Laboratorium Modelowania Meteorologicznego CMOK IMGW-PIB<\/title>\n<meta name=\"robots\" content=\"index, follow, max-snippet:-1, max-image-preview:large, max-video-preview:-1\" \/>\n<link rel=\"canonical\" href=\"https:\/\/cmm.imgw.pl\/?page_id=8244\" \/>\n<meta property=\"og:locale\" content=\"pl_PL\" \/>\n<meta property=\"og:type\" content=\"article\" \/>\n<meta property=\"og:title\" content=\"AROME - TEMPERATURA PUNKTU ROSY - Laboratorium Modelowania Meteorologicznego CMOK IMGW-PIB\" \/>\n<meta property=\"og:description\" content=\"DZI\u015a | JUTRO UDOST\u0118PNIJ STRON\u0118\" \/>\n<meta property=\"og:url\" content=\"https:\/\/cmm.imgw.pl\/?page_id=8244\" \/>\n<meta property=\"og:site_name\" content=\"Laboratorium Modelowania Meteorologicznego CMOK IMGW-PIB\" \/>\n<meta property=\"article:publisher\" content=\"https:\/\/www.facebook.com\/Meteoimgw\/\" \/>\n<meta property=\"article:modified_time\" content=\"2022-11-08T09:42:46+00:00\" \/>\n<meta property=\"og:image\" content=\"https:\/\/cmm.imgw.pl\/wp-content\/uploads\/2025\/10\/MODELE_LOGO_UNIFIKACJA_v2.png\" \/>\n\t<meta property=\"og:image:width\" content=\"1356\" \/>\n\t<meta property=\"og:image:height\" content=\"365\" \/>\n\t<meta property=\"og:image:type\" content=\"image\/png\" \/>\n<meta name=\"twitter:card\" content=\"summary_large_image\" \/>\n<meta name=\"twitter:site\" content=\"@IMGW_CMM\" \/>\n<meta name=\"twitter:label1\" content=\"Szacowany czas czytania\" \/>\n\t<meta name=\"twitter:data1\" content=\"4 minuty\" \/>\n<script type=\"application\/ld+json\" class=\"yoast-schema-graph\">{\"@context\":\"https:\/\/schema.org\",\"@graph\":[{\"@type\":\"WebPage\",\"@id\":\"https:\/\/cmm.imgw.pl\/?page_id=8244\",\"url\":\"https:\/\/cmm.imgw.pl\/?page_id=8244\",\"name\":\"AROME - TEMPERATURA PUNKTU ROSY - Laboratorium Modelowania Meteorologicznego CMOK IMGW-PIB\",\"isPartOf\":{\"@id\":\"https:\/\/cmm.imgw.pl\/#website\"},\"datePublished\":\"2022-06-23T14:21:40+00:00\",\"dateModified\":\"2022-11-08T09:42:46+00:00\",\"breadcrumb\":{\"@id\":\"https:\/\/cmm.imgw.pl\/?page_id=8244#breadcrumb\"},\"inLanguage\":\"pl-PL\",\"potentialAction\":[{\"@type\":\"ReadAction\",\"target\":[\"https:\/\/cmm.imgw.pl\/?page_id=8244\"]}]},{\"@type\":\"BreadcrumbList\",\"@id\":\"https:\/\/cmm.imgw.pl\/?page_id=8244#breadcrumb\",\"itemListElement\":[{\"@type\":\"ListItem\",\"position\":1,\"name\":\"Home\",\"item\":\"https:\/\/cmm.imgw.pl\/\"},{\"@type\":\"ListItem\",\"position\":2,\"name\":\"AROME &#8211; TEMPERATURA PUNKTU ROSY\"}]},{\"@type\":\"WebSite\",\"@id\":\"https:\/\/cmm.imgw.pl\/#website\",\"url\":\"https:\/\/cmm.imgw.pl\/\",\"name\":\"Laboratorium Modelowania Meteorologicznego CMOK IMGW-PIB\",\"description\":\"CMOK-LMM Laboratorium pe\u0142ni pa\u0144stwow\u0105 s\u0142u\u017cb\u0119 hydrologiczno-meteorologiczn\u0105 w zakresie numerycznych prognoz pogody, kt\u00f3rego zadaniem jest konsolidacja kompetencji w obszarze modelowania zjawisk pogodowych oraz dalszego rozwoju numerycznych modeli pogody (NMP).\",\"publisher\":{\"@id\":\"https:\/\/cmm.imgw.pl\/#organization\"},\"potentialAction\":[{\"@type\":\"SearchAction\",\"target\":{\"@type\":\"EntryPoint\",\"urlTemplate\":\"https:\/\/cmm.imgw.pl\/?s={search_term_string}\"},\"query-input\":\"required name=search_term_string\"}],\"inLanguage\":\"pl-PL\"},{\"@type\":\"Organization\",\"@id\":\"https:\/\/cmm.imgw.pl\/#organization\",\"name\":\"Laboratorium Modelowania Meteorologicznego CMOK IMGW-PIB\",\"url\":\"https:\/\/cmm.imgw.pl\/\",\"sameAs\":[\"https:\/\/www.facebook.com\/Meteoimgw\/\",\"https:\/\/twitter.com\/IMGW_CMM\"],\"logo\":{\"@type\":\"ImageObject\",\"inLanguage\":\"pl-PL\",\"@id\":\"https:\/\/cmm.imgw.pl\/#\/schema\/logo\/image\/\",\"url\":\"https:\/\/cmm.imgw.pl\/wp-content\/uploads\/2025\/10\/MODELE_LOGO_UNIFIKACJA_v2.png\",\"contentUrl\":\"https:\/\/cmm.imgw.pl\/wp-content\/uploads\/2025\/10\/MODELE_LOGO_UNIFIKACJA_v2.png\",\"width\":1356,\"height\":365,\"caption\":\"Laboratorium Modelowania Meteorologicznego CMOK IMGW-PIB\"},\"image\":{\"@id\":\"https:\/\/cmm.imgw.pl\/#\/schema\/logo\/image\/\"}}]}<\/script>\n<!-- \/ Yoast SEO plugin. -->","yoast_head_json":{"title":"AROME - TEMPERATURA PUNKTU ROSY - Laboratorium Modelowania Meteorologicznego CMOK IMGW-PIB","robots":{"index":"index","follow":"follow","max-snippet":"max-snippet:-1","max-image-preview":"max-image-preview:large","max-video-preview":"max-video-preview:-1"},"canonical":"https:\/\/cmm.imgw.pl\/?page_id=8244","og_locale":"pl_PL","og_type":"article","og_title":"AROME - TEMPERATURA PUNKTU ROSY - Laboratorium Modelowania Meteorologicznego CMOK IMGW-PIB","og_description":"DZI\u015a | JUTRO UDOST\u0118PNIJ STRON\u0118","og_url":"https:\/\/cmm.imgw.pl\/?page_id=8244","og_site_name":"Laboratorium Modelowania Meteorologicznego CMOK IMGW-PIB","article_publisher":"https:\/\/www.facebook.com\/Meteoimgw\/","article_modified_time":"2022-11-08T09:42:46+00:00","og_image":[{"width":1356,"height":365,"url":"https:\/\/cmm.imgw.pl\/wp-content\/uploads\/2025\/10\/MODELE_LOGO_UNIFIKACJA_v2.png","type":"image\/png"}],"twitter_card":"summary_large_image","twitter_site":"@IMGW_CMM","twitter_misc":{"Szacowany czas czytania":"4 minuty"},"schema":{"@context":"https:\/\/schema.org","@graph":[{"@type":"WebPage","@id":"https:\/\/cmm.imgw.pl\/?page_id=8244","url":"https:\/\/cmm.imgw.pl\/?page_id=8244","name":"AROME - TEMPERATURA PUNKTU ROSY - Laboratorium Modelowania Meteorologicznego CMOK IMGW-PIB","isPartOf":{"@id":"https:\/\/cmm.imgw.pl\/#website"},"datePublished":"2022-06-23T14:21:40+00:00","dateModified":"2022-11-08T09:42:46+00:00","breadcrumb":{"@id":"https:\/\/cmm.imgw.pl\/?page_id=8244#breadcrumb"},"inLanguage":"pl-PL","potentialAction":[{"@type":"ReadAction","target":["https:\/\/cmm.imgw.pl\/?page_id=8244"]}]},{"@type":"BreadcrumbList","@id":"https:\/\/cmm.imgw.pl\/?page_id=8244#breadcrumb","itemListElement":[{"@type":"ListItem","position":1,"name":"Home","item":"https:\/\/cmm.imgw.pl\/"},{"@type":"ListItem","position":2,"name":"AROME &#8211; TEMPERATURA PUNKTU ROSY"}]},{"@type":"WebSite","@id":"https:\/\/cmm.imgw.pl\/#website","url":"https:\/\/cmm.imgw.pl\/","name":"Laboratorium Modelowania Meteorologicznego CMOK IMGW-PIB","description":"CMOK-LMM Laboratorium pe\u0142ni pa\u0144stwow\u0105 s\u0142u\u017cb\u0119 hydrologiczno-meteorologiczn\u0105 w zakresie numerycznych prognoz pogody, kt\u00f3rego zadaniem jest konsolidacja kompetencji w obszarze modelowania zjawisk pogodowych oraz dalszego rozwoju numerycznych modeli pogody (NMP).","publisher":{"@id":"https:\/\/cmm.imgw.pl\/#organization"},"potentialAction":[{"@type":"SearchAction","target":{"@type":"EntryPoint","urlTemplate":"https:\/\/cmm.imgw.pl\/?s={search_term_string}"},"query-input":"required name=search_term_string"}],"inLanguage":"pl-PL"},{"@type":"Organization","@id":"https:\/\/cmm.imgw.pl\/#organization","name":"Laboratorium Modelowania Meteorologicznego CMOK IMGW-PIB","url":"https:\/\/cmm.imgw.pl\/","sameAs":["https:\/\/www.facebook.com\/Meteoimgw\/","https:\/\/twitter.com\/IMGW_CMM"],"logo":{"@type":"ImageObject","inLanguage":"pl-PL","@id":"https:\/\/cmm.imgw.pl\/#\/schema\/logo\/image\/","url":"https:\/\/cmm.imgw.pl\/wp-content\/uploads\/2025\/10\/MODELE_LOGO_UNIFIKACJA_v2.png","contentUrl":"https:\/\/cmm.imgw.pl\/wp-content\/uploads\/2025\/10\/MODELE_LOGO_UNIFIKACJA_v2.png","width":1356,"height":365,"caption":"Laboratorium Modelowania Meteorologicznego CMOK IMGW-PIB"},"image":{"@id":"https:\/\/cmm.imgw.pl\/#\/schema\/logo\/image\/"}}]}},"_links":{"self":[{"href":"https:\/\/cmm.imgw.pl\/index.php?rest_route=\/wp\/v2\/pages\/8244"}],"collection":[{"href":"https:\/\/cmm.imgw.pl\/index.php?rest_route=\/wp\/v2\/pages"}],"about":[{"href":"https:\/\/cmm.imgw.pl\/index.php?rest_route=\/wp\/v2\/types\/page"}],"author":[{"embeddable":true,"href":"https:\/\/cmm.imgw.pl\/index.php?rest_route=\/wp\/v2\/users\/1"}],"replies":[{"embeddable":true,"href":"https:\/\/cmm.imgw.pl\/index.php?rest_route=%2Fwp%2Fv2%2Fcomments&post=8244"}],"version-history":[{"count":26,"href":"https:\/\/cmm.imgw.pl\/index.php?rest_route=\/wp\/v2\/pages\/8244\/revisions"}],"predecessor-version":[{"id":18762,"href":"https:\/\/cmm.imgw.pl\/index.php?rest_route=\/wp\/v2\/pages\/8244\/revisions\/18762"}],"wp:attachment":[{"href":"https:\/\/cmm.imgw.pl\/index.php?rest_route=%2Fwp%2Fv2%2Fmedia&parent=8244"}],"curies":[{"name":"wp","href":"https:\/\/api.w.org\/{rel}","templated":true}]}}