{"id":40467,"date":"2024-03-04T14:07:00","date_gmt":"2024-03-04T13:07:00","guid":{"rendered":"https:\/\/cmm.imgw.pl\/?page_id=40467"},"modified":"2024-03-04T18:09:44","modified_gmt":"2024-03-04T17:09:44","slug":"imgw-pib-cmm-przewodnik-po-stronie-cmm","status":"publish","type":"page","link":"https:\/\/cmm.imgw.pl\/?page_id=40467","title":{"rendered":"IMGW-PIB CMM: Przewodnik po stronie CMM"},"content":{"rendered":"<p style=\"text-align: justify;\"><span style=\"font-size: 12pt;\">Zapraszamy do zapoznania si\u0119 z kr\u00f3tkim <\/span><span style=\"font-size: 12pt;\">przewodnikiem po stronie internetowej Centrum <\/span><span style=\"font-size: 12pt;\">Modelowania Meteorologicznego IMGW-PIB. <\/span><span style=\"font-size: 12pt;\">Skr\u00f3towy przewodnik u\u0142atwi korzystanie z serwisu <\/span><span style=\"font-size: 12pt;\">CMM. Serwis CMM jest dost\u0119pny pod adresami: <\/span><span style=\"font-size: 12pt;\">modele.imgw.pl oraz cmm.imgw.pl. Strona <\/span><span style=\"font-size: 12pt;\">domy\u015blnie otwiera si\u0119 na AKTUALNO\u015aCIACH \u2013 <\/span><span style=\"font-size: 12pt;\">w kt\u00f3rych zamieszczane s\u0105 bie\u017c\u0105ce komunikaty. Po <\/span><span style=\"font-size: 12pt;\">lewej stronie znajduje si\u0119 rozwijane MENU, kt\u00f3re <\/span><span style=\"font-size: 12pt;\">jest g\u0142\u00f3wnym narz\u0119dziem kieruj\u0105cym u\u017cytkownika <\/span><span style=\"font-size: 12pt;\">do wszystkich produkt\u00f3w Centrum Modelowania <\/span><span style=\"font-size: 12pt;\">Meteorologicznego. Gor\u0105co zach\u0119camy do <\/span><span style=\"font-size: 12pt;\">korzystania z prognoz i pozosta\u0142ych produkt\u00f3w <\/span><span style=\"font-size: 12pt;\">Centrum Modelowania Meteorologicznego <\/span><span style=\"font-size: 12pt;\">Instytutu Meteorologii i Gospodarki Wodnej &#8211; <\/span><span style=\"font-size: 12pt;\">Pa\u0144stwowego Instytutu Badawczego.<\/span><\/p>\n<p>\u00a0<\/p>\n\n\n<figure class=\"wp-block-video\"><video controls poster=\"http:\/\/cmm.imgw.pl\/wp-content\/uploads\/2024\/03\/1.png\" src=\"\/wp-content\/uploads\/przewodnik\/Przewodnik_po_stronie_CMM_M_film_lektor.mp4\" playsinline><\/video><\/figure>\n\n\n\n<div style=\"height:100px\" aria-hidden=\"true\" class=\"wp-block-spacer\"><\/div>\n\n\n<div class=\"wp-block-image\">\n<figure class=\"aligncenter size-large is-resized\"><img loading=\"lazy\" src=\"\/wp-content\/uploads\/przewodnik\/1.png\" alt=\"\" width=\"607\" height=\"877\"\/><\/figure><\/div>\n\n<div class=\"wp-block-image\">\n<figure class=\"aligncenter size-large is-resized\"><img loading=\"lazy\" src=\"\/wp-content\/uploads\/przewodnik\/2.png\" alt=\"\" width=\"607\" height=\"877\"\/><\/figure><\/div>\n\n<div class=\"wp-block-image\">\n<figure class=\"aligncenter size-large is-resized\"><img loading=\"lazy\" src=\"\/wp-content\/uploads\/przewodnik\/3.png\" alt=\"\" width=\"607\" height=\"877\"\/><\/figure><\/div>\n\n<div class=\"wp-block-image\">\n<figure class=\"aligncenter size-large is-resized\"><img loading=\"lazy\" src=\"\/wp-content\/uploads\/przewodnik\/4.png\" alt=\"\" width=\"607\" height=\"877\"\/><\/figure><\/div>\n\n<div class=\"wp-block-image\">\n<figure class=\"aligncenter size-large is-resized\"><img loading=\"lazy\" src=\"\/wp-content\/uploads\/przewodnik\/5.png\" alt=\"\" width=\"607\" height=\"877\"\/><\/figure><\/div>\n\n<div class=\"wp-block-image\">\n<figure class=\"aligncenter size-large is-resized\"><img loading=\"lazy\" src=\"\/wp-content\/uploads\/przewodnik\/6.png\" alt=\"\" width=\"607\" height=\"877\"\/><\/figure><\/div>\n\n<div class=\"wp-block-image\">\n<figure class=\"aligncenter size-large is-resized\"><img loading=\"lazy\" src=\"\/wp-content\/uploads\/przewodnik\/7.png\" alt=\"\" width=\"607\" height=\"877\"\/><\/figure><\/div>\n\n<div class=\"wp-block-image\">\n<figure class=\"aligncenter size-large is-resized\"><img loading=\"lazy\" src=\"\/wp-content\/uploads\/przewodnik\/8.png\" alt=\"\" width=\"607\" height=\"877\"\/><\/figure><\/div>\n\n<div class=\"wp-block-image\">\n<figure class=\"aligncenter size-large is-resized\"><img loading=\"lazy\" src=\"\/wp-content\/uploads\/przewodnik\/9.png\" alt=\"\" width=\"607\" height=\"877\"\/><\/figure><\/div>\n\n<div class=\"wp-block-image\">\n<figure class=\"aligncenter size-large is-resized\"><img loading=\"lazy\" src=\"\/wp-content\/uploads\/przewodnik\/10.png\" alt=\"\" width=\"607\" height=\"877\"\/><\/figure><\/div>\n\n<div class=\"wp-block-image\">\n<figure class=\"aligncenter size-large is-resized\"><img loading=\"lazy\" src=\"\/wp-content\/uploads\/przewodnik\/11.png\" alt=\"\" width=\"607\" height=\"877\"\/><\/figure><\/div>\n\n<div class=\"wp-block-image\">\n<figure class=\"aligncenter size-large is-resized\"><img loading=\"lazy\" src=\"\/wp-content\/uploads\/przewodnik\/12.png\" alt=\"\" width=\"607\" height=\"877\"\/><\/figure><\/div>\n\n<div class=\"wp-block-image\">\n<figure class=\"aligncenter size-large is-resized\"><img loading=\"lazy\" src=\"\/wp-content\/uploads\/przewodnik\/13.png\" alt=\"\" width=\"607\" height=\"877\"\/><\/figure><\/div>\n\n<div class=\"wp-block-image\">\n<figure class=\"aligncenter size-large is-resized\"><img loading=\"lazy\" src=\"\/wp-content\/uploads\/przewodnik\/14.png\" alt=\"\" width=\"607\" height=\"877\"\/><\/figure><\/div>\n\n<div class=\"wp-block-image\">\n<figure class=\"aligncenter size-large is-resized\"><img loading=\"lazy\" src=\"\/wp-content\/uploads\/przewodnik\/15.png\" alt=\"\" width=\"607\" height=\"877\"\/><\/figure><\/div>\n\n<div class=\"wp-block-image\">\n<figure class=\"aligncenter size-large is-resized\"><img loading=\"lazy\" src=\"\/wp-content\/uploads\/przewodnik\/16.png\" alt=\"\" width=\"607\" height=\"877\"\/><\/figure><\/div>\n\n<div class=\"wp-block-image is-style-default\">\n<figure class=\"aligncenter size-large is-resized\"><img loading=\"lazy\" src=\"\/wp-content\/uploads\/przewodnik\/17.png\" alt=\"\" width=\"607\" height=\"877\"\/><\/figure><\/div>\n\n<div class=\"wp-block-image\">\n<figure class=\"aligncenter size-large is-resized\"><img loading=\"lazy\" src=\"\/wp-content\/uploads\/przewodnik\/18.png\" alt=\"\" width=\"607\" height=\"877\"\/><\/figure><\/div>\n\n\n<hr class=\"wp-block-separator aligncenter has-alpha-channel-opacity\"\/>\n\n\n\n<div class=\"wp-block-file\"><object class=\"wp-block-file__embed\" data=\"\/wp-content\/uploads\/przewodnik\/Przewodnik_po_stronie_CMM_L.pdf\" type=\"application\/pdf\" style=\"width:100%;height:500px\" aria-label=\"Przewodnik po stronie CMM\"><\/object><a id=\"wp-block-file--media-097a1130-bb64-4b19-ae9b-b3b7e594b91a\" href=\"\/wp-content\/uploads\/przewodnik\/Przewodnik_po_stronie_CMM_L.pdf\">Przewodnik po stronie CMM<\/a><a href=\"\/wp-content\/uploads\/przewodnik\/Przewodnik_po_stronie_CMM_L.pdf\" class=\"wp-block-file__button wp-element-button\" download aria-describedby=\"wp-block-file--media-097a1130-bb64-4b19-ae9b-b3b7e594b91a\"> (Pobierz) <\/a><\/div>\n","protected":false},"excerpt":{"rendered":"<p>Celem serwisu Centrum Modelowania Meteorologicznego jest<br \/>\nudost\u0119pnienie prognoz numerycznych ka\u017cdemu obywatelowi. Jest to<br \/>\nniespotykana sytuacja w\u015br\u00f3d narodowych s\u0142u\u017cb meteorologicznych na<br \/>\n\u015bwiecie. Strona modele.imgw.pl jest najwygodniejszym obecnie<br \/>\n\u017ar\u00f3d\u0142em prognoz pogody. To jedyne miejsce, w kt\u00f3rym wyniki<br \/>\nmodelowania i pomiar\u00f3w z o\u015brodka naukowego s\u0105 prezentowane<br \/>\nw prostej i przyst\u0119pnej formie dla obywatela.<\/p>\n","protected":false},"author":3,"featured_media":40469,"parent":0,"menu_order":0,"comment_status":"closed","ping_status":"closed","template":"","meta":{"ocean_post_layout":"","ocean_both_sidebars_style":"","ocean_both_sidebars_content_width":0,"ocean_both_sidebars_sidebars_width":0,"ocean_sidebar":"0","ocean_second_sidebar":"0","ocean_disable_margins":"enable","ocean_add_body_class":"","ocean_shortcode_before_top_bar":"","ocean_shortcode_after_top_bar":"","ocean_shortcode_before_header":"","ocean_shortcode_after_header":"","ocean_has_shortcode":"","ocean_shortcode_after_title":"","ocean_shortcode_before_footer_widgets":"","ocean_shortcode_after_footer_widgets":"","ocean_shortcode_before_footer_bottom":"","ocean_shortcode_after_footer_bottom":"","ocean_display_top_bar":"off","ocean_display_header":"off","ocean_header_style":"","ocean_center_header_left_menu":"0","ocean_custom_header_template":"0","ocean_custom_logo":0,"ocean_custom_retina_logo":0,"ocean_custom_logo_max_width":0,"ocean_custom_logo_tablet_max_width":0,"ocean_custom_logo_mobile_max_width":0,"ocean_custom_logo_max_height":0,"ocean_custom_logo_tablet_max_height":0,"ocean_custom_logo_mobile_max_height":0,"ocean_header_custom_menu":"0","ocean_menu_typo_font_family":"0","ocean_menu_typo_font_subset":"","ocean_menu_typo_font_size":0,"ocean_menu_typo_font_size_tablet":0,"ocean_menu_typo_font_size_mobile":0,"ocean_menu_typo_font_size_unit":"px","ocean_menu_typo_font_weight":"","ocean_menu_typo_font_weight_tablet":"","ocean_menu_typo_font_weight_mobile":"","ocean_menu_typo_transform":"","ocean_menu_typo_transform_tablet":"","ocean_menu_typo_transform_mobile":"","ocean_menu_typo_line_height":0,"ocean_menu_typo_line_height_tablet":0,"ocean_menu_typo_line_height_mobile":0,"ocean_menu_typo_line_height_unit":"","ocean_menu_typo_spacing":0,"ocean_menu_typo_spacing_tablet":0,"ocean_menu_typo_spacing_mobile":0,"ocean_menu_typo_spacing_unit":"","ocean_menu_link_color":"","ocean_menu_link_color_hover":"","ocean_menu_link_color_active":"","ocean_menu_link_background":"","ocean_menu_link_hover_background":"","ocean_menu_link_active_background":"","ocean_menu_social_links_bg":"","ocean_menu_social_hover_links_bg":"","ocean_menu_social_links_color":"","ocean_menu_social_hover_links_color":"","ocean_disable_title":"default","ocean_disable_heading":"default","ocean_post_title":"","ocean_post_subheading":"","ocean_post_title_style":"","ocean_post_title_background_color":"","ocean_post_title_background":0,"ocean_post_title_bg_image_position":"","ocean_post_title_bg_image_attachment":"","ocean_post_title_bg_image_repeat":"","ocean_post_title_bg_image_size":"","ocean_post_title_height":0,"ocean_post_title_bg_overlay":0.5,"ocean_post_title_bg_overlay_color":"","ocean_disable_breadcrumbs":"default","ocean_breadcrumbs_color":"","ocean_breadcrumbs_separator_color":"","ocean_breadcrumbs_links_color":"","ocean_breadcrumbs_links_hover_color":"","ocean_display_footer_widgets":"default","ocean_display_footer_bottom":"default","ocean_custom_footer_template":"0"},"yoast_head":"<!-- This site is optimized with the Yoast SEO plugin v19.5.1 - https:\/\/yoast.com\/wordpress\/plugins\/seo\/ -->\n<title>IMGW-PIB CMM: Przewodnik po stronie CMM - Laboratorium Modelowania Meteorologicznego CMOK IMGW-PIB<\/title>\n<meta name=\"description\" content=\"Celem serwisu Centrum Modelowania Meteorologicznego jestudost\u0119pnienie prognoz numerycznych ka\u017cdemu obywatelowi. Jest toniespotykana sytuacja w\u015br\u00f3d narodowych s\u0142u\u017cb meteorologicznych na\u015bwiecie. Strona modele.imgw.pl jest najwygodniejszym obecnie\u017ar\u00f3d\u0142em prognoz pogody. To jedyne miejsce, w kt\u00f3rym wynikimodelowania i pomiar\u00f3w z o\u015brodka naukowego s\u0105 prezentowanew prostej i przyst\u0119pnej formie dla obywatela.\" \/>\n<meta name=\"robots\" content=\"index, follow, max-snippet:-1, max-image-preview:large, max-video-preview:-1\" \/>\n<link rel=\"canonical\" href=\"https:\/\/cmm.imgw.pl\/?page_id=40467\" \/>\n<meta property=\"og:locale\" content=\"pl_PL\" \/>\n<meta property=\"og:type\" content=\"article\" \/>\n<meta property=\"og:title\" content=\"IMGW-PIB CMM: Informator Meteorologiczny CMM\" \/>\n<meta property=\"og:description\" content=\"Celem serwisu Centrum Modelowania Meteorologicznego jestudost\u0119pnienie prognoz numerycznych ka\u017cdemu obywatelowi. Jest toniespotykana sytuacja w\u015br\u00f3d narodowych s\u0142u\u017cb meteorologicznych na\u015bwiecie. Strona modele.imgw.pl jest najwygodniejszym obecnie\u017ar\u00f3d\u0142em prognoz pogody. To jedyne miejsce, w kt\u00f3rym wynikimodelowania i pomiar\u00f3w z o\u015brodka naukowego s\u0105 prezentowanew prostej i przyst\u0119pnej formie dla obywatela.\" \/>\n<meta property=\"og:url\" content=\"https:\/\/cmm.imgw.pl\/?page_id=40467\" \/>\n<meta property=\"og:site_name\" content=\"Laboratorium Modelowania Meteorologicznego CMOK IMGW-PIB\" \/>\n<meta property=\"article:publisher\" content=\"https:\/\/www.facebook.com\/Meteoimgw\/\" \/>\n<meta property=\"article:modified_time\" content=\"2024-03-04T17:09:44+00:00\" \/>\n<meta property=\"og:image\" content=\"http:\/\/cmm.imgw.pl\/wp-content\/uploads\/2024\/03\/1.png\" \/>\n\t<meta property=\"og:image:width\" content=\"2429\" \/>\n\t<meta property=\"og:image:height\" content=\"3509\" \/>\n\t<meta property=\"og:image:type\" content=\"image\/png\" \/>\n<meta name=\"twitter:card\" content=\"summary_large_image\" \/>\n<meta name=\"twitter:title\" content=\"IMGW-PIB CMM: Informator Meteorologiczny CMM\" \/>\n<meta name=\"twitter:description\" content=\"Celem serwisu Centrum Modelowania Meteorologicznego jestudost\u0119pnienie prognoz numerycznych ka\u017cdemu obywatelowi. Jest toniespotykana sytuacja w\u015br\u00f3d narodowych s\u0142u\u017cb meteorologicznych na\u015bwiecie. Strona modele.imgw.pl jest najwygodniejszym obecnie\u017ar\u00f3d\u0142em prognoz pogody. To jedyne miejsce, w kt\u00f3rym wynikimodelowania i pomiar\u00f3w z o\u015brodka naukowego s\u0105 prezentowanew prostej i przyst\u0119pnej formie dla obywatela.\" \/>\n<meta name=\"twitter:image\" content=\"https:\/\/cmm.imgw.pl\/wp-content\/uploads\/2024\/03\/1.png\" \/>\n<meta name=\"twitter:site\" content=\"@IMGW_CMM\" \/>\n<meta name=\"twitter:label1\" content=\"Szacowany czas czytania\" \/>\n\t<meta name=\"twitter:data1\" content=\"1 minuta\" \/>\n<script type=\"application\/ld+json\" class=\"yoast-schema-graph\">{\"@context\":\"https:\/\/schema.org\",\"@graph\":[{\"@type\":\"WebPage\",\"@id\":\"https:\/\/cmm.imgw.pl\/?page_id=40467\",\"url\":\"https:\/\/cmm.imgw.pl\/?page_id=40467\",\"name\":\"IMGW-PIB CMM: Przewodnik po stronie CMM - Laboratorium Modelowania Meteorologicznego CMOK IMGW-PIB\",\"isPartOf\":{\"@id\":\"https:\/\/cmm.imgw.pl\/#website\"},\"datePublished\":\"2024-03-04T13:07:00+00:00\",\"dateModified\":\"2024-03-04T17:09:44+00:00\",\"description\":\"Celem serwisu Centrum Modelowania Meteorologicznego jestudost\u0119pnienie prognoz numerycznych ka\u017cdemu obywatelowi. Jest toniespotykana sytuacja w\u015br\u00f3d narodowych s\u0142u\u017cb meteorologicznych na\u015bwiecie. Strona modele.imgw.pl jest najwygodniejszym obecnie\u017ar\u00f3d\u0142em prognoz pogody. To jedyne miejsce, w kt\u00f3rym wynikimodelowania i pomiar\u00f3w z o\u015brodka naukowego s\u0105 prezentowanew prostej i przyst\u0119pnej formie dla obywatela.\",\"breadcrumb\":{\"@id\":\"https:\/\/cmm.imgw.pl\/?page_id=40467#breadcrumb\"},\"inLanguage\":\"pl-PL\",\"potentialAction\":[{\"@type\":\"ReadAction\",\"target\":[\"https:\/\/cmm.imgw.pl\/?page_id=40467\"]}]},{\"@type\":\"BreadcrumbList\",\"@id\":\"https:\/\/cmm.imgw.pl\/?page_id=40467#breadcrumb\",\"itemListElement\":[{\"@type\":\"ListItem\",\"position\":1,\"name\":\"Home\",\"item\":\"https:\/\/cmm.imgw.pl\/\"},{\"@type\":\"ListItem\",\"position\":2,\"name\":\"IMGW-PIB CMM: Przewodnik po stronie CMM\"}]},{\"@type\":\"WebSite\",\"@id\":\"https:\/\/cmm.imgw.pl\/#website\",\"url\":\"https:\/\/cmm.imgw.pl\/\",\"name\":\"Laboratorium Modelowania Meteorologicznego CMOK IMGW-PIB\",\"description\":\"CMOK-LMM Laboratorium pe\u0142ni pa\u0144stwow\u0105 s\u0142u\u017cb\u0119 hydrologiczno-meteorologiczn\u0105 w zakresie numerycznych prognoz pogody, kt\u00f3rego zadaniem jest konsolidacja kompetencji w obszarze modelowania zjawisk pogodowych oraz dalszego rozwoju numerycznych modeli pogody (NMP).\",\"publisher\":{\"@id\":\"https:\/\/cmm.imgw.pl\/#organization\"},\"potentialAction\":[{\"@type\":\"SearchAction\",\"target\":{\"@type\":\"EntryPoint\",\"urlTemplate\":\"https:\/\/cmm.imgw.pl\/?s={search_term_string}\"},\"query-input\":\"required name=search_term_string\"}],\"inLanguage\":\"pl-PL\"},{\"@type\":\"Organization\",\"@id\":\"https:\/\/cmm.imgw.pl\/#organization\",\"name\":\"Laboratorium Modelowania Meteorologicznego CMOK IMGW-PIB\",\"url\":\"https:\/\/cmm.imgw.pl\/\",\"sameAs\":[\"https:\/\/www.facebook.com\/Meteoimgw\/\",\"https:\/\/twitter.com\/IMGW_CMM\"],\"logo\":{\"@type\":\"ImageObject\",\"inLanguage\":\"pl-PL\",\"@id\":\"https:\/\/cmm.imgw.pl\/#\/schema\/logo\/image\/\",\"url\":\"https:\/\/cmm.imgw.pl\/wp-content\/uploads\/2025\/10\/MODELE_LOGO_UNIFIKACJA_v2.png\",\"contentUrl\":\"https:\/\/cmm.imgw.pl\/wp-content\/uploads\/2025\/10\/MODELE_LOGO_UNIFIKACJA_v2.png\",\"width\":1356,\"height\":365,\"caption\":\"Laboratorium Modelowania Meteorologicznego CMOK IMGW-PIB\"},\"image\":{\"@id\":\"https:\/\/cmm.imgw.pl\/#\/schema\/logo\/image\/\"}}]}<\/script>\n<!-- \/ Yoast SEO plugin. -->","yoast_head_json":{"title":"IMGW-PIB CMM: Przewodnik po stronie CMM - Laboratorium Modelowania Meteorologicznego CMOK IMGW-PIB","description":"Celem serwisu Centrum Modelowania Meteorologicznego jestudost\u0119pnienie prognoz numerycznych ka\u017cdemu obywatelowi. Jest toniespotykana sytuacja w\u015br\u00f3d narodowych s\u0142u\u017cb meteorologicznych na\u015bwiecie. Strona modele.imgw.pl jest najwygodniejszym obecnie\u017ar\u00f3d\u0142em prognoz pogody. To jedyne miejsce, w kt\u00f3rym wynikimodelowania i pomiar\u00f3w z o\u015brodka naukowego s\u0105 prezentowanew prostej i przyst\u0119pnej formie dla obywatela.","robots":{"index":"index","follow":"follow","max-snippet":"max-snippet:-1","max-image-preview":"max-image-preview:large","max-video-preview":"max-video-preview:-1"},"canonical":"https:\/\/cmm.imgw.pl\/?page_id=40467","og_locale":"pl_PL","og_type":"article","og_title":"IMGW-PIB CMM: Informator Meteorologiczny CMM","og_description":"Celem serwisu Centrum Modelowania Meteorologicznego jestudost\u0119pnienie prognoz numerycznych ka\u017cdemu obywatelowi. Jest toniespotykana sytuacja w\u015br\u00f3d narodowych s\u0142u\u017cb meteorologicznych na\u015bwiecie. Strona modele.imgw.pl jest najwygodniejszym obecnie\u017ar\u00f3d\u0142em prognoz pogody. To jedyne miejsce, w kt\u00f3rym wynikimodelowania i pomiar\u00f3w z o\u015brodka naukowego s\u0105 prezentowanew prostej i przyst\u0119pnej formie dla obywatela.","og_url":"https:\/\/cmm.imgw.pl\/?page_id=40467","og_site_name":"Laboratorium Modelowania Meteorologicznego CMOK IMGW-PIB","article_publisher":"https:\/\/www.facebook.com\/Meteoimgw\/","article_modified_time":"2024-03-04T17:09:44+00:00","og_image":[{"width":2429,"height":3509,"url":"http:\/\/cmm.imgw.pl\/wp-content\/uploads\/2024\/03\/1.png","type":"image\/png"}],"twitter_card":"summary_large_image","twitter_title":"IMGW-PIB CMM: Informator Meteorologiczny CMM","twitter_description":"Celem serwisu Centrum Modelowania Meteorologicznego jestudost\u0119pnienie prognoz numerycznych ka\u017cdemu obywatelowi. Jest toniespotykana sytuacja w\u015br\u00f3d narodowych s\u0142u\u017cb meteorologicznych na\u015bwiecie. Strona modele.imgw.pl jest najwygodniejszym obecnie\u017ar\u00f3d\u0142em prognoz pogody. To jedyne miejsce, w kt\u00f3rym wynikimodelowania i pomiar\u00f3w z o\u015brodka naukowego s\u0105 prezentowanew prostej i przyst\u0119pnej formie dla obywatela.","twitter_image":"https:\/\/cmm.imgw.pl\/wp-content\/uploads\/2024\/03\/1.png","twitter_site":"@IMGW_CMM","twitter_misc":{"Szacowany czas czytania":"1 minuta"},"schema":{"@context":"https:\/\/schema.org","@graph":[{"@type":"WebPage","@id":"https:\/\/cmm.imgw.pl\/?page_id=40467","url":"https:\/\/cmm.imgw.pl\/?page_id=40467","name":"IMGW-PIB CMM: Przewodnik po stronie CMM - Laboratorium Modelowania Meteorologicznego CMOK IMGW-PIB","isPartOf":{"@id":"https:\/\/cmm.imgw.pl\/#website"},"datePublished":"2024-03-04T13:07:00+00:00","dateModified":"2024-03-04T17:09:44+00:00","description":"Celem serwisu Centrum Modelowania Meteorologicznego jestudost\u0119pnienie prognoz numerycznych ka\u017cdemu obywatelowi. Jest toniespotykana sytuacja w\u015br\u00f3d narodowych s\u0142u\u017cb meteorologicznych na\u015bwiecie. Strona modele.imgw.pl jest najwygodniejszym obecnie\u017ar\u00f3d\u0142em prognoz pogody. To jedyne miejsce, w kt\u00f3rym wynikimodelowania i pomiar\u00f3w z o\u015brodka naukowego s\u0105 prezentowanew prostej i przyst\u0119pnej formie dla obywatela.","breadcrumb":{"@id":"https:\/\/cmm.imgw.pl\/?page_id=40467#breadcrumb"},"inLanguage":"pl-PL","potentialAction":[{"@type":"ReadAction","target":["https:\/\/cmm.imgw.pl\/?page_id=40467"]}]},{"@type":"BreadcrumbList","@id":"https:\/\/cmm.imgw.pl\/?page_id=40467#breadcrumb","itemListElement":[{"@type":"ListItem","position":1,"name":"Home","item":"https:\/\/cmm.imgw.pl\/"},{"@type":"ListItem","position":2,"name":"IMGW-PIB CMM: Przewodnik po stronie CMM"}]},{"@type":"WebSite","@id":"https:\/\/cmm.imgw.pl\/#website","url":"https:\/\/cmm.imgw.pl\/","name":"Laboratorium Modelowania Meteorologicznego CMOK IMGW-PIB","description":"CMOK-LMM Laboratorium pe\u0142ni pa\u0144stwow\u0105 s\u0142u\u017cb\u0119 hydrologiczno-meteorologiczn\u0105 w zakresie numerycznych prognoz pogody, kt\u00f3rego zadaniem jest konsolidacja kompetencji w obszarze modelowania zjawisk pogodowych oraz dalszego rozwoju numerycznych modeli pogody (NMP).","publisher":{"@id":"https:\/\/cmm.imgw.pl\/#organization"},"potentialAction":[{"@type":"SearchAction","target":{"@type":"EntryPoint","urlTemplate":"https:\/\/cmm.imgw.pl\/?s={search_term_string}"},"query-input":"required name=search_term_string"}],"inLanguage":"pl-PL"},{"@type":"Organization","@id":"https:\/\/cmm.imgw.pl\/#organization","name":"Laboratorium Modelowania Meteorologicznego CMOK IMGW-PIB","url":"https:\/\/cmm.imgw.pl\/","sameAs":["https:\/\/www.facebook.com\/Meteoimgw\/","https:\/\/twitter.com\/IMGW_CMM"],"logo":{"@type":"ImageObject","inLanguage":"pl-PL","@id":"https:\/\/cmm.imgw.pl\/#\/schema\/logo\/image\/","url":"https:\/\/cmm.imgw.pl\/wp-content\/uploads\/2025\/10\/MODELE_LOGO_UNIFIKACJA_v2.png","contentUrl":"https:\/\/cmm.imgw.pl\/wp-content\/uploads\/2025\/10\/MODELE_LOGO_UNIFIKACJA_v2.png","width":1356,"height":365,"caption":"Laboratorium Modelowania Meteorologicznego CMOK IMGW-PIB"},"image":{"@id":"https:\/\/cmm.imgw.pl\/#\/schema\/logo\/image\/"}}]}},"_links":{"self":[{"href":"https:\/\/cmm.imgw.pl\/index.php?rest_route=\/wp\/v2\/pages\/40467"}],"collection":[{"href":"https:\/\/cmm.imgw.pl\/index.php?rest_route=\/wp\/v2\/pages"}],"about":[{"href":"https:\/\/cmm.imgw.pl\/index.php?rest_route=\/wp\/v2\/types\/page"}],"author":[{"embeddable":true,"href":"https:\/\/cmm.imgw.pl\/index.php?rest_route=\/wp\/v2\/users\/3"}],"replies":[{"embeddable":true,"href":"https:\/\/cmm.imgw.pl\/index.php?rest_route=%2Fwp%2Fv2%2Fcomments&post=40467"}],"version-history":[{"count":9,"href":"https:\/\/cmm.imgw.pl\/index.php?rest_route=\/wp\/v2\/pages\/40467\/revisions"}],"predecessor-version":[{"id":40484,"href":"https:\/\/cmm.imgw.pl\/index.php?rest_route=\/wp\/v2\/pages\/40467\/revisions\/40484"}],"wp:featuredmedia":[{"embeddable":true,"href":"https:\/\/cmm.imgw.pl\/index.php?rest_route=\/wp\/v2\/media\/40469"}],"wp:attachment":[{"href":"https:\/\/cmm.imgw.pl\/index.php?rest_route=%2Fwp%2Fv2%2Fmedia&parent=40467"}],"curies":[{"name":"wp","href":"https:\/\/api.w.org\/{rel}","templated":true}]}}