{"id":36082,"date":"2023-08-24T20:45:48","date_gmt":"2023-08-24T18:45:48","guid":{"rendered":"https:\/\/cmm.imgw.pl\/?page_id=36082"},"modified":"2023-08-24T20:45:49","modified_gmt":"2023-08-24T18:45:49","slug":"akademiacmm-chochliki-duszki-elfy","status":"publish","type":"page","link":"https:\/\/cmm.imgw.pl\/?page_id=36082","title":{"rendered":"#AkademiaCMM &#8211; Chochliki, duszki i elfy."},"content":{"rendered":"\n<p><strong><strong>Chochliki, duszki i elfy.<\/strong><\/strong><\/p>\n\n\n<div class=\"wp-block-post-date\"><time datetime=\"2023-08-24T20:45:48+02:00\">24 sierpnia 2023<\/time><\/div>\n\n<p>Opracowanie: dr Marcin Kolonko, IMGW-PIB CMM<\/p>\n<p>\u00a0<\/p>\n\n<p style=\"text-align: justify;\"><span style=\"font-family: Arial, Helvetica, sans-serif; font-size: 12pt;\">Chochliki (sprites) i elfy (elves) nale\u017c\u0105 do szerszej kategorii kr\u00f3tkotrwa\u0142ych zjawisk \u015bwietlnych (TLE \u2013 Transient Luminous Events) w g\u00f3rnych warstwach atmosfery (60-100 km nad powierzchni\u0105 Ziemi). Trwaj\u0105 zazwyczaj u\u0142amki sekund, najlepiej je dostrzec nad chmurami burzowymi, z pok\u0142adu Mi\u0119dzynarodowej Stacji Kosmicznej (ISS).<\/span><\/p>\n<p style=\"text-align: justify;\"><span style=\"font-family: Arial, Helvetica, sans-serif; font-size: 12pt;\"><img loading=\"lazy\" width=\"1024\" height=\"798\" class=\"wp-image-36084 aligncenter\" src=\"http:\/\/cmm.imgw.pl\/wp-content\/uploads\/2023\/08\/obraz-zawierajacy-tekst-zrzut-ekranu.jpeg\" alt=\"Obraz zawieraj\u0105cy tekst, zrzut ekranu\" srcset=\"https:\/\/cmm.imgw.pl\/wp-content\/uploads\/2023\/08\/obraz-zawierajacy-tekst-zrzut-ekranu.jpeg 1024w, https:\/\/cmm.imgw.pl\/wp-content\/uploads\/2023\/08\/obraz-zawierajacy-tekst-zrzut-ekranu-300x234.jpeg 300w, https:\/\/cmm.imgw.pl\/wp-content\/uploads\/2023\/08\/obraz-zawierajacy-tekst-zrzut-ekranu-768x599.jpeg 768w\" sizes=\"(max-width: 1024px) 100vw, 1024px\" \/><\/span><\/p>\n<p style=\"text-align: justify;\"><span style=\"font-family: Arial, Helvetica, sans-serif; font-size: 12pt;\">Pierwsza kolorowa rejestracja sprite\u2019a w 1994 r. \u0179r\u00f3d\u0142o: University of Alaska.<\/span><\/p>\n<p style=\"text-align: justify;\"><span style=\"font-family: Arial, Helvetica, sans-serif; font-size: 12pt;\">Ich istnienie zosta\u0142o zarejestrowane w latach 80-tych XX wieku, na fotografiach naziemnych. P\u00f3\u017aniej zacz\u0119\u0142y by\u0107 dostrzegane tak\u017ce przez astronaut\u00f3w z ISS. Zazwyczaj wyst\u0119puj\u0105 nad chmurami burzowymi, kr\u00f3tko po wy\u0142adowaniu dodatnim. Ich geneza nie jest jeszcze w pe\u0142ni poznana. Przez pewien czas nazywano je \u201eburzowymi wy\u0142adowaniami z kosmosem\u201d, a w ko\u0144cu utar\u0142 si\u0119 angielski skr\u00f3t TLE.<\/span><\/p>\n<p style=\"text-align: justify;\"><span style=\"font-family: Arial, Helvetica, sans-serif; font-size: 12pt;\">Elfy (ELVES) uchodz\u0105 za form\u0119 impulsu elektromagnetycznego (sugeruje to tak\u017ce akronim Emission of Light and Very low frequency Perturbations due to Electromagnetic Pulse Sources) w g\u00f3rnej atmosferze, oko\u0142o 80-100 km ponad powierzchni\u0105 gruntu. Mo\u017ce osi\u0105gn\u0105\u0107 \u015brednic\u0119 kilkuset kilometr\u00f3w. Z kolei \u201esprite\u201d to skr\u00f3t od Stratospheric and Mesospheric Perturbations REsulting from Intense Thunderstorm Electrification, po polsku zwany \u201echochlikiem\u201d albo \u201eduszkiem\u201d i wyst\u0119puje nieco ni\u017cej.<\/span><\/p>\n<p style=\"text-align: justify;\"><span style=\"font-family: Arial, Helvetica, sans-serif; font-size: 12pt;\"><img loading=\"lazy\" width=\"800\" height=\"600\" class=\"wp-image-36085 aligncenter\" src=\"http:\/\/cmm.imgw.pl\/wp-content\/uploads\/2023\/08\/obraz-zawierajacy-tekst-zrzut-ekranu-opis-wygene.jpeg\" alt=\"Obraz zawieraj\u0105cy tekst, zrzut ekranu\n\nOpis wygenerowany automatycznie\" srcset=\"https:\/\/cmm.imgw.pl\/wp-content\/uploads\/2023\/08\/obraz-zawierajacy-tekst-zrzut-ekranu-opis-wygene.jpeg 800w, https:\/\/cmm.imgw.pl\/wp-content\/uploads\/2023\/08\/obraz-zawierajacy-tekst-zrzut-ekranu-opis-wygene-300x225.jpeg 300w, https:\/\/cmm.imgw.pl\/wp-content\/uploads\/2023\/08\/obraz-zawierajacy-tekst-zrzut-ekranu-opis-wygene-768x576.jpeg 768w\" sizes=\"(max-width: 800px) 100vw, 800px\" \/><\/span><\/p>\n<p style=\"text-align: justify;\"><span style=\"font-family: Arial, Helvetica, sans-serif; font-size: 12pt;\">Miejsca wyst\u0119powania w atmosferze r\u00f3\u017cnorodnych przej\u015bciowych zjawisk \u015bwietlnych (TLE). \u0179r\u00f3d\u0142o: Carlos Miralles i Tom Nelson.<\/span><\/p>\n<p style=\"text-align: left;\"><span style=\"font-family: Arial, Helvetica, sans-serif; font-size: 12pt;\">Mo\u017cna rzec, \u017ce w przypadku takich wy\u0142adowa\u0144 kosmos pe\u0142ni rol\u0119 uziemienia ziemskiej atmosfery. R\u00f3\u017cnica mi\u0119dzy chmurami burzowymi, a otoczeniem potencja\u0142\u00f3w stwarza warunki do wy\u0142adowa\u0144 elektrycznych. Trwaj\u0105 one kr\u00f3cej ni\u017c b\u0142yskawica mi\u0119dzy po\u0142o\u017conymi ni\u017cej chmurami (czyli kr\u00f3cej ni\u017c b\u0142ysk pioruna). St\u0105d ich dostrze\u017cenie z Ziemi bywa bardzo trudne. S\u0105 zwi\u0105zane z jonosfer\u0105.<\/span><\/p>\n<p style=\"text-align: justify;\"><span style=\"font-family: Arial, Helvetica, sans-serif; font-size: 12pt;\"><img loading=\"lazy\" width=\"1000\" height=\"667\" class=\"wp-image-36086 aligncenter\" src=\"http:\/\/cmm.imgw.pl\/wp-content\/uploads\/2023\/08\/obraz-zawierajacy-niebo-na-wolnym-powietrzu-ciem.jpeg\" alt=\"Obraz zawieraj\u0105cy niebo, na wolnym powietrzu, ciemno\u015b\u0107, gwiazda\n\nOpis wygenerowany automatycznie\" srcset=\"https:\/\/cmm.imgw.pl\/wp-content\/uploads\/2023\/08\/obraz-zawierajacy-niebo-na-wolnym-powietrzu-ciem.jpeg 1000w, https:\/\/cmm.imgw.pl\/wp-content\/uploads\/2023\/08\/obraz-zawierajacy-niebo-na-wolnym-powietrzu-ciem-300x200.jpeg 300w, https:\/\/cmm.imgw.pl\/wp-content\/uploads\/2023\/08\/obraz-zawierajacy-niebo-na-wolnym-powietrzu-ciem-768x512.jpeg 768w\" sizes=\"(max-width: 1000px) 100vw, 1000px\" \/> Czerwone b\u0142yski sprite\u2019\u00f3w w uj\u0119ciu Frankie Lucena.<\/span><\/p>\n<p style=\"text-align: left;\"><span style=\"font-family: Arial, Helvetica, sans-serif; font-size: 12pt;\">W ziemskiej atmosferze pr\u0105d wy\u0142adowania oddzia\u0142uje z atomami azotu (g\u0142\u00f3wnego sk\u0142adnika atmosfery Ziemi) i mo\u017ce on wp\u0142ywa\u0107 na bilans promieniowania Ziemi. Aby dostrzec b\u0142ysk TLE najlepiej obserwowa\u0107 w sfer\u0119 niebiesk\u0105 w nadfiolecie. Na tym koncentruje si\u0119 eksperyment ASIM (Atmosphere-Space Interactions Monitor), skanowania atmosfery pod k\u0105tem takich zjawisk.<\/span><\/p>\n<p style=\"text-align: justify;\"><span style=\"font-family: Arial, Helvetica, sans-serif; font-size: 12pt;\">Ma\u0142o kto wie, \u017ce TLE odkryto te\u017c na Jowiszu (kt\u00f3rego aktywno\u015b\u0107 konwekcyjna i burzowa przewy\u017csza ziemsk\u0105). W pa\u015bmie UV zarejestrowano b\u0142yski TLE bez burzy (gdy\u017c ta rozgrywa\u0142a si\u0119 du\u017co g\u0142\u0119biej w wielowarstwowej atmosferze Jowisza) i skojarzono to z po\u0142o\u017conymi ni\u017cej chmurami konwekcyjnymi. W przypadku Jowisza oddzia\u0142ywanie pr\u0105du z materi\u0105 zachodzi prawdopodobnie dla atom\u00f3w wodoru (na Ziemi \u2013 azotu).<\/span><\/p>\n<p style=\"text-align: justify;\"><span style=\"font-family: Arial, Helvetica, sans-serif; font-size: 12pt;\"><img loading=\"lazy\" width=\"600\" height=\"675\" class=\"wp-image-36087 aligncenter\" src=\"http:\/\/cmm.imgw.pl\/wp-content\/uploads\/2023\/08\/obraz-zawierajacy-zrzut-ekranu-tekst-wielobarwno.png\" alt=\"Obraz zawieraj\u0105cy zrzut ekranu, tekst, Wielobarwno\u015b\u0107, Grafika\n\nOpis wygenerowany automatycznie\" srcset=\"https:\/\/cmm.imgw.pl\/wp-content\/uploads\/2023\/08\/obraz-zawierajacy-zrzut-ekranu-tekst-wielobarwno.png 600w, https:\/\/cmm.imgw.pl\/wp-content\/uploads\/2023\/08\/obraz-zawierajacy-zrzut-ekranu-tekst-wielobarwno-267x300.png 267w\" sizes=\"(max-width: 600px) 100vw, 600px\" \/><\/span><\/p>\n<p style=\"text-align: justify;\"><span style=\"font-family: Arial, Helvetica, sans-serif; font-size: 12pt;\">B\u0142yski TLE na Jowiszu (zaznaczone \u017c\u00f3\u0142tym k\u00f3\u0142kiem) w uj\u0119ciu spektrografu promieniowania ultrafioletowego (zliczaj\u0105cego fotony UV). \u0179r\u00f3d\u0142o: NASA\/JPL.<\/span><\/p>\n<p style=\"text-align: justify;\"><span style=\"font-family: Arial, Helvetica, sans-serif; font-size: 12pt;\">Istnienie TLE bywa\u0142o mylnie kojarzone z UFO, ale ich istnienie przewidziano ju\u017c pocz\u0105tkiem XX wieku (C.T.R. Wilson). By\u0142y bezszelestne, ciche i kr\u00f3tkotrwa\u0142e tak\u017ce symulowa\u0142y UFO znakomicie. Bywaj\u0105 te\u017c widoczne dla za\u0142\u00f3g lec\u0105cych na wysokim pu\u0142apie samolot\u00f3w.<\/span><\/p>\n<p style=\"text-align: justify;\"><span style=\"font-family: Arial, Helvetica, sans-serif; font-size: 12pt;\"><img loading=\"lazy\" width=\"1000\" height=\"1000\" class=\"wp-image-36088 aligncenter\" src=\"http:\/\/cmm.imgw.pl\/wp-content\/uploads\/2023\/08\/obraz-zawierajacy-niebo-na-wolnym-powietrzu-gwia.jpeg\" alt=\"Obraz zawieraj\u0105cy niebo, na wolnym powietrzu, gwiazda, noc\n\nOpis wygenerowany automatycznie\" srcset=\"https:\/\/cmm.imgw.pl\/wp-content\/uploads\/2023\/08\/obraz-zawierajacy-niebo-na-wolnym-powietrzu-gwia.jpeg 1000w, https:\/\/cmm.imgw.pl\/wp-content\/uploads\/2023\/08\/obraz-zawierajacy-niebo-na-wolnym-powietrzu-gwia-300x300.jpeg 300w, https:\/\/cmm.imgw.pl\/wp-content\/uploads\/2023\/08\/obraz-zawierajacy-niebo-na-wolnym-powietrzu-gwia-150x150.jpeg 150w, https:\/\/cmm.imgw.pl\/wp-content\/uploads\/2023\/08\/obraz-zawierajacy-niebo-na-wolnym-powietrzu-gwia-768x768.jpeg 768w, https:\/\/cmm.imgw.pl\/wp-content\/uploads\/2023\/08\/obraz-zawierajacy-niebo-na-wolnym-powietrzu-gwia-600x600.jpeg 600w\" sizes=\"(max-width: 1000px) 100vw, 1000px\" \/><\/span><\/p>\n<p style=\"text-align: justify;\"><span style=\"font-family: Arial, Helvetica, sans-serif; font-size: 12pt;\">Przyk\u0142adowe zdj\u0119cie naziemne sprite\u2019\u00f3w. \u0179r\u00f3d\u0142o: Jesper Gronne, Sky and Telescope online.<\/span><\/p>\n<p style=\"text-align: justify;\"><span style=\"font-family: Arial, Helvetica, sans-serif; font-size: 12pt;\">Odkrycia TLE na Jowiszu dokona\u0142a sonda Juno, a konkretnie spektrograf UVS. Zarejestrowa\u0142a 11 b\u0142ysk\u00f3w trwaj\u0105cych mi\u0119dzy 0.1 a 2.5 milisekundy, o charakterze wyra\u017anie zwi\u0105zanym z burz\u0105. Mo\u017cna przypuszcza\u0107, \u017ce i w innych atmosferach (planet olbrzym\u00f3w lub Wenus) takie zjawiska mog\u0105 mie\u0107 miejsce. Jeszcze nie rozstrzygni\u0119to, czy na Jowiszu dostrze\u017cono chochliki czy elfy. W ustaleniu tego przeszkod\u0105 jest rozmieszczenie kamer UV i \u015bwiat\u0142a widzialnego na pok\u0142adzie sondy Juno. Szacuje si\u0119, \u017ce rozmiar zjawisk TLE na Jowiszu nie powinien przekracza\u0107 1000 km. W przysz\u0142o\u015bci bada\u0107 te\u017c mo\u017cna rol\u0119 pola magnetycznego planety w powstawaniu TLE.<\/span><\/p>\n\n\n<hr class=\"wp-block-separator has-alpha-channel-opacity\"\/>\n\n\n\n<p class=\"has-text-align-center\">Udost\u0119pnij<\/p>\n","protected":false},"excerpt":{"rendered":"<p>Chochliki (sprites) i elfy (elves) nale\u017c\u0105 do szerszej kategorii kr\u00f3tkotrwa\u0142ych zjawisk \u015bwietlnych (TLE \u2013 Transient Luminous Events) w g\u00f3rnych warstwach atmosfery (60-100 km nad powierzchni\u0105 Ziemi). Trwaj\u0105 zazwyczaj u\u0142amki sekund, najlepiej je dostrzec nad chmurami burzowymi, z pok\u0142adu Mi\u0119dzynarodowej Stacji Kosmicznej (ISS).<\/p>\n","protected":false},"author":3,"featured_media":36084,"parent":0,"menu_order":0,"comment_status":"open","ping_status":"closed","template":"templates\/landing.php","meta":{"ocean_post_layout":"","ocean_both_sidebars_style":"","ocean_both_sidebars_content_width":0,"ocean_both_sidebars_sidebars_width":0,"ocean_sidebar":"0","ocean_second_sidebar":"0","ocean_disable_margins":"enable","ocean_add_body_class":"","ocean_shortcode_before_top_bar":"","ocean_shortcode_after_top_bar":"","ocean_shortcode_before_header":"","ocean_shortcode_after_header":"","ocean_has_shortcode":"","ocean_shortcode_after_title":"","ocean_shortcode_before_footer_widgets":"","ocean_shortcode_after_footer_widgets":"","ocean_shortcode_before_footer_bottom":"","ocean_shortcode_after_footer_bottom":"","ocean_display_top_bar":"off","ocean_display_header":"off","ocean_header_style":"custom","ocean_center_header_left_menu":"0","ocean_custom_header_template":"2993","ocean_custom_logo":0,"ocean_custom_retina_logo":0,"ocean_custom_logo_max_width":0,"ocean_custom_logo_tablet_max_width":0,"ocean_custom_logo_mobile_max_width":0,"ocean_custom_logo_max_height":0,"ocean_custom_logo_tablet_max_height":0,"ocean_custom_logo_mobile_max_height":0,"ocean_header_custom_menu":"0","ocean_menu_typo_font_family":"0","ocean_menu_typo_font_subset":"","ocean_menu_typo_font_size":0,"ocean_menu_typo_font_size_tablet":0,"ocean_menu_typo_font_size_mobile":0,"ocean_menu_typo_font_size_unit":"px","ocean_menu_typo_font_weight":"","ocean_menu_typo_font_weight_tablet":"","ocean_menu_typo_font_weight_mobile":"","ocean_menu_typo_transform":"","ocean_menu_typo_transform_tablet":"","ocean_menu_typo_transform_mobile":"","ocean_menu_typo_line_height":0,"ocean_menu_typo_line_height_tablet":0,"ocean_menu_typo_line_height_mobile":0,"ocean_menu_typo_line_height_unit":"","ocean_menu_typo_spacing":0,"ocean_menu_typo_spacing_tablet":0,"ocean_menu_typo_spacing_mobile":0,"ocean_menu_typo_spacing_unit":"","ocean_menu_link_color":"","ocean_menu_link_color_hover":"","ocean_menu_link_color_active":"","ocean_menu_link_background":"","ocean_menu_link_hover_background":"","ocean_menu_link_active_background":"","ocean_menu_social_links_bg":"","ocean_menu_social_hover_links_bg":"","ocean_menu_social_links_color":"","ocean_menu_social_hover_links_color":"","ocean_disable_title":"default","ocean_disable_heading":"default","ocean_post_title":"","ocean_post_subheading":"","ocean_post_title_style":"","ocean_post_title_background_color":"","ocean_post_title_background":0,"ocean_post_title_bg_image_position":"","ocean_post_title_bg_image_attachment":"","ocean_post_title_bg_image_repeat":"","ocean_post_title_bg_image_size":"","ocean_post_title_height":0,"ocean_post_title_bg_overlay":0.5,"ocean_post_title_bg_overlay_color":"","ocean_disable_breadcrumbs":"default","ocean_breadcrumbs_color":"","ocean_breadcrumbs_separator_color":"","ocean_breadcrumbs_links_color":"","ocean_breadcrumbs_links_hover_color":"","ocean_display_footer_widgets":"default","ocean_display_footer_bottom":"default","ocean_custom_footer_template":"0"},"yoast_head":"<!-- This site is optimized with the Yoast SEO plugin v19.5.1 - https:\/\/yoast.com\/wordpress\/plugins\/seo\/ -->\n<title>#AkademiaCMM - Chochliki, duszki i elfy. - Laboratorium Modelowania Meteorologicznego CMOK IMGW-PIB<\/title>\n<meta name=\"description\" content=\"Chochliki (sprites) i elfy (elves) nale\u017c\u0105 do szerszej kategorii kr\u00f3tkotrwa\u0142ych zjawisk \u015bwietlnych (TLE \u2013 Transient Luminous Events) w g\u00f3rnych warstwach atmosfery (60-100 km nad powierzchni\u0105 Ziemi). Trwaj\u0105 zazwyczaj u\u0142amki sekund, najlepiej je dostrzec nad chmurami burzowymi, z pok\u0142adu Mi\u0119dzynarodowej Stacji Kosmicznej (ISS).\" \/>\n<meta name=\"robots\" content=\"index, follow, max-snippet:-1, max-image-preview:large, max-video-preview:-1\" \/>\n<link rel=\"canonical\" href=\"https:\/\/cmm.imgw.pl\/?page_id=36082\" \/>\n<meta property=\"og:locale\" content=\"pl_PL\" \/>\n<meta property=\"og:type\" content=\"article\" \/>\n<meta property=\"og:title\" content=\"#AkademiaCMM - Chochliki, duszki i elfy.\" \/>\n<meta property=\"og:description\" content=\"Chochliki (sprites) i elfy (elves) nale\u017c\u0105 do szerszej kategorii kr\u00f3tkotrwa\u0142ych zjawisk \u015bwietlnych (TLE \u2013 Transient Luminous Events) w g\u00f3rnych warstwach atmosfery (60-100 km nad powierzchni\u0105 Ziemi). Trwaj\u0105 zazwyczaj u\u0142amki sekund, najlepiej je dostrzec nad chmurami burzowymi, z pok\u0142adu Mi\u0119dzynarodowej Stacji Kosmicznej (ISS).\" \/>\n<meta property=\"og:url\" content=\"https:\/\/cmm.imgw.pl\/?page_id=36082\" \/>\n<meta property=\"og:site_name\" content=\"Laboratorium Modelowania Meteorologicznego CMOK IMGW-PIB\" \/>\n<meta property=\"article:publisher\" content=\"https:\/\/www.facebook.com\/Meteoimgw\/\" \/>\n<meta property=\"article:modified_time\" content=\"2023-08-24T18:45:49+00:00\" \/>\n<meta property=\"og:image\" content=\"http:\/\/cmm.imgw.pl\/wp-content\/uploads\/2023\/08\/obraz-zawierajacy-tekst-zrzut-ekranu.jpeg\" \/>\n\t<meta property=\"og:image:width\" content=\"1024\" \/>\n\t<meta property=\"og:image:height\" content=\"798\" \/>\n\t<meta property=\"og:image:type\" content=\"image\/jpeg\" \/>\n<meta name=\"twitter:card\" content=\"summary_large_image\" \/>\n<meta name=\"twitter:title\" content=\"#AkademiaCMM - Chochliki, duszki i elfy.\" \/>\n<meta name=\"twitter:description\" content=\"Chochliki (sprites) i elfy (elves) nale\u017c\u0105 do szerszej kategorii kr\u00f3tkotrwa\u0142ych zjawisk \u015bwietlnych (TLE \u2013 Transient Luminous Events) w g\u00f3rnych warstwach atmosfery (60-100 km nad powierzchni\u0105 Ziemi). Trwaj\u0105 zazwyczaj u\u0142amki sekund, najlepiej je dostrzec nad chmurami burzowymi, z pok\u0142adu Mi\u0119dzynarodowej Stacji Kosmicznej (ISS).\" \/>\n<meta name=\"twitter:image\" content=\"https:\/\/cmm.imgw.pl\/wp-content\/uploads\/2023\/08\/obraz-zawierajacy-tekst-zrzut-ekranu.jpeg\" \/>\n<meta name=\"twitter:site\" content=\"@IMGW_CMM\" \/>\n<meta name=\"twitter:label1\" content=\"Szacowany czas czytania\" \/>\n\t<meta name=\"twitter:data1\" content=\"14 minut\" \/>\n<script type=\"application\/ld+json\" class=\"yoast-schema-graph\">{\"@context\":\"https:\/\/schema.org\",\"@graph\":[{\"@type\":\"WebPage\",\"@id\":\"https:\/\/cmm.imgw.pl\/?page_id=36082\",\"url\":\"https:\/\/cmm.imgw.pl\/?page_id=36082\",\"name\":\"#AkademiaCMM - Chochliki, duszki i elfy. - Laboratorium Modelowania Meteorologicznego CMOK IMGW-PIB\",\"isPartOf\":{\"@id\":\"https:\/\/cmm.imgw.pl\/#website\"},\"datePublished\":\"2023-08-24T18:45:48+00:00\",\"dateModified\":\"2023-08-24T18:45:49+00:00\",\"description\":\"Chochliki (sprites) i elfy (elves) nale\u017c\u0105 do szerszej kategorii kr\u00f3tkotrwa\u0142ych zjawisk \u015bwietlnych (TLE \u2013 Transient Luminous Events) w g\u00f3rnych warstwach atmosfery (60-100 km nad powierzchni\u0105 Ziemi). Trwaj\u0105 zazwyczaj u\u0142amki sekund, najlepiej je dostrzec nad chmurami burzowymi, z pok\u0142adu Mi\u0119dzynarodowej Stacji Kosmicznej (ISS).\",\"breadcrumb\":{\"@id\":\"https:\/\/cmm.imgw.pl\/?page_id=36082#breadcrumb\"},\"inLanguage\":\"pl-PL\",\"potentialAction\":[{\"@type\":\"ReadAction\",\"target\":[\"https:\/\/cmm.imgw.pl\/?page_id=36082\"]}]},{\"@type\":\"BreadcrumbList\",\"@id\":\"https:\/\/cmm.imgw.pl\/?page_id=36082#breadcrumb\",\"itemListElement\":[{\"@type\":\"ListItem\",\"position\":1,\"name\":\"Home\",\"item\":\"https:\/\/cmm.imgw.pl\/\"},{\"@type\":\"ListItem\",\"position\":2,\"name\":\"#AkademiaCMM &#8211; Chochliki, duszki i elfy.\"}]},{\"@type\":\"WebSite\",\"@id\":\"https:\/\/cmm.imgw.pl\/#website\",\"url\":\"https:\/\/cmm.imgw.pl\/\",\"name\":\"Laboratorium Modelowania Meteorologicznego CMOK IMGW-PIB\",\"description\":\"CMOK-LMM Laboratorium pe\u0142ni pa\u0144stwow\u0105 s\u0142u\u017cb\u0119 hydrologiczno-meteorologiczn\u0105 w zakresie numerycznych prognoz pogody, kt\u00f3rego zadaniem jest konsolidacja kompetencji w obszarze modelowania zjawisk pogodowych oraz dalszego rozwoju numerycznych modeli pogody (NMP).\",\"publisher\":{\"@id\":\"https:\/\/cmm.imgw.pl\/#organization\"},\"potentialAction\":[{\"@type\":\"SearchAction\",\"target\":{\"@type\":\"EntryPoint\",\"urlTemplate\":\"https:\/\/cmm.imgw.pl\/?s={search_term_string}\"},\"query-input\":\"required name=search_term_string\"}],\"inLanguage\":\"pl-PL\"},{\"@type\":\"Organization\",\"@id\":\"https:\/\/cmm.imgw.pl\/#organization\",\"name\":\"Laboratorium Modelowania Meteorologicznego CMOK IMGW-PIB\",\"url\":\"https:\/\/cmm.imgw.pl\/\",\"sameAs\":[\"https:\/\/www.facebook.com\/Meteoimgw\/\",\"https:\/\/twitter.com\/IMGW_CMM\"],\"logo\":{\"@type\":\"ImageObject\",\"inLanguage\":\"pl-PL\",\"@id\":\"https:\/\/cmm.imgw.pl\/#\/schema\/logo\/image\/\",\"url\":\"https:\/\/cmm.imgw.pl\/wp-content\/uploads\/2025\/10\/MODELE_LOGO_UNIFIKACJA_v2.png\",\"contentUrl\":\"https:\/\/cmm.imgw.pl\/wp-content\/uploads\/2025\/10\/MODELE_LOGO_UNIFIKACJA_v2.png\",\"width\":1356,\"height\":365,\"caption\":\"Laboratorium Modelowania Meteorologicznego CMOK IMGW-PIB\"},\"image\":{\"@id\":\"https:\/\/cmm.imgw.pl\/#\/schema\/logo\/image\/\"}}]}<\/script>\n<!-- \/ Yoast SEO plugin. -->","yoast_head_json":{"title":"#AkademiaCMM - Chochliki, duszki i elfy. - Laboratorium Modelowania Meteorologicznego CMOK IMGW-PIB","description":"Chochliki (sprites) i elfy (elves) nale\u017c\u0105 do szerszej kategorii kr\u00f3tkotrwa\u0142ych zjawisk \u015bwietlnych (TLE \u2013 Transient Luminous Events) w g\u00f3rnych warstwach atmosfery (60-100 km nad powierzchni\u0105 Ziemi). Trwaj\u0105 zazwyczaj u\u0142amki sekund, najlepiej je dostrzec nad chmurami burzowymi, z pok\u0142adu Mi\u0119dzynarodowej Stacji Kosmicznej (ISS).","robots":{"index":"index","follow":"follow","max-snippet":"max-snippet:-1","max-image-preview":"max-image-preview:large","max-video-preview":"max-video-preview:-1"},"canonical":"https:\/\/cmm.imgw.pl\/?page_id=36082","og_locale":"pl_PL","og_type":"article","og_title":"#AkademiaCMM - Chochliki, duszki i elfy.","og_description":"Chochliki (sprites) i elfy (elves) nale\u017c\u0105 do szerszej kategorii kr\u00f3tkotrwa\u0142ych zjawisk \u015bwietlnych (TLE \u2013 Transient Luminous Events) w g\u00f3rnych warstwach atmosfery (60-100 km nad powierzchni\u0105 Ziemi). Trwaj\u0105 zazwyczaj u\u0142amki sekund, najlepiej je dostrzec nad chmurami burzowymi, z pok\u0142adu Mi\u0119dzynarodowej Stacji Kosmicznej (ISS).","og_url":"https:\/\/cmm.imgw.pl\/?page_id=36082","og_site_name":"Laboratorium Modelowania Meteorologicznego CMOK IMGW-PIB","article_publisher":"https:\/\/www.facebook.com\/Meteoimgw\/","article_modified_time":"2023-08-24T18:45:49+00:00","og_image":[{"width":1024,"height":798,"url":"http:\/\/cmm.imgw.pl\/wp-content\/uploads\/2023\/08\/obraz-zawierajacy-tekst-zrzut-ekranu.jpeg","type":"image\/jpeg"}],"twitter_card":"summary_large_image","twitter_title":"#AkademiaCMM - Chochliki, duszki i elfy.","twitter_description":"Chochliki (sprites) i elfy (elves) nale\u017c\u0105 do szerszej kategorii kr\u00f3tkotrwa\u0142ych zjawisk \u015bwietlnych (TLE \u2013 Transient Luminous Events) w g\u00f3rnych warstwach atmosfery (60-100 km nad powierzchni\u0105 Ziemi). Trwaj\u0105 zazwyczaj u\u0142amki sekund, najlepiej je dostrzec nad chmurami burzowymi, z pok\u0142adu Mi\u0119dzynarodowej Stacji Kosmicznej (ISS).","twitter_image":"https:\/\/cmm.imgw.pl\/wp-content\/uploads\/2023\/08\/obraz-zawierajacy-tekst-zrzut-ekranu.jpeg","twitter_site":"@IMGW_CMM","twitter_misc":{"Szacowany czas czytania":"14 minut"},"schema":{"@context":"https:\/\/schema.org","@graph":[{"@type":"WebPage","@id":"https:\/\/cmm.imgw.pl\/?page_id=36082","url":"https:\/\/cmm.imgw.pl\/?page_id=36082","name":"#AkademiaCMM - Chochliki, duszki i elfy. - Laboratorium Modelowania Meteorologicznego CMOK IMGW-PIB","isPartOf":{"@id":"https:\/\/cmm.imgw.pl\/#website"},"datePublished":"2023-08-24T18:45:48+00:00","dateModified":"2023-08-24T18:45:49+00:00","description":"Chochliki (sprites) i elfy (elves) nale\u017c\u0105 do szerszej kategorii kr\u00f3tkotrwa\u0142ych zjawisk \u015bwietlnych (TLE \u2013 Transient Luminous Events) w g\u00f3rnych warstwach atmosfery (60-100 km nad powierzchni\u0105 Ziemi). Trwaj\u0105 zazwyczaj u\u0142amki sekund, najlepiej je dostrzec nad chmurami burzowymi, z pok\u0142adu Mi\u0119dzynarodowej Stacji Kosmicznej (ISS).","breadcrumb":{"@id":"https:\/\/cmm.imgw.pl\/?page_id=36082#breadcrumb"},"inLanguage":"pl-PL","potentialAction":[{"@type":"ReadAction","target":["https:\/\/cmm.imgw.pl\/?page_id=36082"]}]},{"@type":"BreadcrumbList","@id":"https:\/\/cmm.imgw.pl\/?page_id=36082#breadcrumb","itemListElement":[{"@type":"ListItem","position":1,"name":"Home","item":"https:\/\/cmm.imgw.pl\/"},{"@type":"ListItem","position":2,"name":"#AkademiaCMM &#8211; Chochliki, duszki i elfy."}]},{"@type":"WebSite","@id":"https:\/\/cmm.imgw.pl\/#website","url":"https:\/\/cmm.imgw.pl\/","name":"Laboratorium Modelowania Meteorologicznego CMOK IMGW-PIB","description":"CMOK-LMM Laboratorium pe\u0142ni pa\u0144stwow\u0105 s\u0142u\u017cb\u0119 hydrologiczno-meteorologiczn\u0105 w zakresie numerycznych prognoz pogody, kt\u00f3rego zadaniem jest konsolidacja kompetencji w obszarze modelowania zjawisk pogodowych oraz dalszego rozwoju numerycznych modeli pogody (NMP).","publisher":{"@id":"https:\/\/cmm.imgw.pl\/#organization"},"potentialAction":[{"@type":"SearchAction","target":{"@type":"EntryPoint","urlTemplate":"https:\/\/cmm.imgw.pl\/?s={search_term_string}"},"query-input":"required name=search_term_string"}],"inLanguage":"pl-PL"},{"@type":"Organization","@id":"https:\/\/cmm.imgw.pl\/#organization","name":"Laboratorium Modelowania Meteorologicznego CMOK IMGW-PIB","url":"https:\/\/cmm.imgw.pl\/","sameAs":["https:\/\/www.facebook.com\/Meteoimgw\/","https:\/\/twitter.com\/IMGW_CMM"],"logo":{"@type":"ImageObject","inLanguage":"pl-PL","@id":"https:\/\/cmm.imgw.pl\/#\/schema\/logo\/image\/","url":"https:\/\/cmm.imgw.pl\/wp-content\/uploads\/2025\/10\/MODELE_LOGO_UNIFIKACJA_v2.png","contentUrl":"https:\/\/cmm.imgw.pl\/wp-content\/uploads\/2025\/10\/MODELE_LOGO_UNIFIKACJA_v2.png","width":1356,"height":365,"caption":"Laboratorium Modelowania Meteorologicznego CMOK IMGW-PIB"},"image":{"@id":"https:\/\/cmm.imgw.pl\/#\/schema\/logo\/image\/"}}]}},"_links":{"self":[{"href":"https:\/\/cmm.imgw.pl\/index.php?rest_route=\/wp\/v2\/pages\/36082"}],"collection":[{"href":"https:\/\/cmm.imgw.pl\/index.php?rest_route=\/wp\/v2\/pages"}],"about":[{"href":"https:\/\/cmm.imgw.pl\/index.php?rest_route=\/wp\/v2\/types\/page"}],"author":[{"embeddable":true,"href":"https:\/\/cmm.imgw.pl\/index.php?rest_route=\/wp\/v2\/users\/3"}],"replies":[{"embeddable":true,"href":"https:\/\/cmm.imgw.pl\/index.php?rest_route=%2Fwp%2Fv2%2Fcomments&post=36082"}],"version-history":[{"count":1,"href":"https:\/\/cmm.imgw.pl\/index.php?rest_route=\/wp\/v2\/pages\/36082\/revisions"}],"predecessor-version":[{"id":36089,"href":"https:\/\/cmm.imgw.pl\/index.php?rest_route=\/wp\/v2\/pages\/36082\/revisions\/36089"}],"wp:featuredmedia":[{"embeddable":true,"href":"https:\/\/cmm.imgw.pl\/index.php?rest_route=\/wp\/v2\/media\/36084"}],"wp:attachment":[{"href":"https:\/\/cmm.imgw.pl\/index.php?rest_route=%2Fwp%2Fv2%2Fmedia&parent=36082"}],"curies":[{"name":"wp","href":"https:\/\/api.w.org\/{rel}","templated":true}]}}